-- https://www.phpmyadmin.net/
--

START TRANSACTION;



--
-- Database: `gasd3326_rcs`
--

-- --------------------------------------------------------

--
-- Table structure for table `bagian_departemen`
--

CREATE TABLE `bagian_departemen` (
  `id_bagian_dept` int(11) NOT NULL,
  `nama_bagian_dept` varchar(100) NOT NULL,
  `id_dept` int(11) NOT NULL
) ENGINE=InnoDB DEFAULT CHARSET=latin1 COLLATE=latin1_swedish_ci;

--
-- Dumping data for table `bagian_departemen`
--

INSERT INTO `bagian_departemen` (`id_bagian_dept`, `nama_bagian_dept`, `id_dept`) VALUES
(1, 'Kepala Biro Kemahasiswaan', 1),
(2, 'Kepala Biro Administrasi Pembelajaran', 1),
(3, 'Kepala Biro Alumni & Pusat Karir', 1),
(4, 'Kepala Biro Admisi dan Pemasaran', 1),
(5, 'Kepala Biro Perencanaan & Pengembangan', 1),
(6, 'Kepala Biro Inovasi & Kewirausahaan', 1),
(7, 'Kepala Biro Sekretariat, Humas dan Protokoler', 7),
(9, 'Kepala Biro Keuangan', 2),
(10, 'Kepala Biro Sumber Daya Manusia', 2),
(11, 'Kepala Biro Sarana Prasarana dan Perpustakaan', 2),
(12, 'Kepala Biro Sistem Informasi', 2),
(13, 'Kepala Biro Kerjasama', 2),
(14, 'Kepala Lembaga Penjaminan Mutu & Kepala Bagian Data dan Informasi', 3),
(15, 'Kepala Bagian Akreditasi', 3),
(16, 'Kepala Bagian Monitoring, Evaluasi dan Audit', 3),
(17, 'Kepala Lembaga Penelitian dan Pengabdian Kepada Masyarakat (LPPM)', 4),
(18, 'Kepala Bagian Pengabdian Kepada Masyarakat & Sekretaris LPPM', 4),
(19, 'Dekan Fakultas Ekonomi, Bisnis & Humaniora', 5),
(20, 'Ketua Program Studi Akuntansi', 5),
(21, 'Ketua Program Studi Manajemen', 5),
(22, 'Ketua Program Studi Ekonomi Pembangunan', 5),
(23, 'Ketua Program Studi Magister Manajemen', 5),
(24, 'Ketua Program Studi Pendidikan Guru Sekolah Dasar (PGSD)', 5),
(25, 'Ketua Program Studi Pendidikan Guru Pendidikan Anak Usia Dini (PG-PAUD)', 5),
(26, 'Dekan Fakultas Sains, Teknik dan Desain', 6),
(27, 'Ketua Program Studi Desain Komunikasi Visual', 6),
(28, 'Ketua Program Studi Desain Produk', 6),
(29, 'Ketua Program Studi Teknik Informatika', 6),
(30, 'Ketua Program Studi Sistem Informasi', 6),
(31, 'Ketua Program Studi Agribisnis / Agroteknologi', 6),
(32, 'Ketua Program Studi Ilmu dan Teknologi Pangan', 6),
(33, 'Kepala Sub Biro Promosi & Layanan Pembelajaran Kelas Ekstensi/Karyawan & Kerjasama & Kepala Unit Pen', 8),
(34, 'Admin', 9),
(35, 'User', 9);

-- --------------------------------------------------------

--
-- Table structure for table `departemen`
--

CREATE TABLE `departemen` (
  `id_dept` int(11) NOT NULL,
  `nama_dept` varchar(30) NOT NULL
) ENGINE=InnoDB DEFAULT CHARSET=latin1 COLLATE=latin1_swedish_ci;

--
-- Dumping data for table `departemen`
--

INSERT INTO `departemen` (`id_dept`, `nama_dept`) VALUES
(1, 'WAKIL REKTOR I'),
(2, 'WAKIL REKTOR II'),
(3, 'LPM'),
(4, 'LPPM'),
(5, 'FEBH'),
(6, 'FSTD'),
(7, 'REKTOR'),
(8, 'Kepala Biro Admisi dan Pemasar'),
(9, 'Komisi Etika, Hukum dan Kepatu');

-- --------------------------------------------------------

--
-- Table structure for table `informasi`
--

CREATE TABLE `informasi` (
  `id_informasi` int(11) NOT NULL,
  `tanggal` datetime NOT NULL,
  `subject` varchar(35) NOT NULL,
  `pesan` varchar(250) NOT NULL,
  `id_user` varchar(7) NOT NULL
) ENGINE=InnoDB DEFAULT CHARSET=latin1 COLLATE=latin1_swedish_ci;

-- --------------------------------------------------------

--
-- Table structure for table `jabatan`
--

CREATE TABLE `jabatan` (
  `id_jabatan` int(11) NOT NULL,
  `nama_jabatan` varchar(100) NOT NULL
) ENGINE=InnoDB DEFAULT CHARSET=latin1 COLLATE=latin1_swedish_ci;

--
-- Dumping data for table `jabatan`
--

INSERT INTO `jabatan` (`id_jabatan`, `nama_jabatan`) VALUES
(1, 'Admin'),
(2, 'Unit');

-- --------------------------------------------------------

--
-- Table structure for table `karyawan`
--

CREATE TABLE `karyawan` (
  `nik` varchar(7) NOT NULL,
  `nama` varchar(255) NOT NULL,
  `email` varchar(255) NOT NULL,
  `id_bagian_dept` int(11) NOT NULL,
  `id_jabatan` int(11) NOT NULL
) ENGINE=InnoDB DEFAULT CHARSET=latin1 COLLATE=latin1_swedish_ci;

--
-- Dumping data for table `karyawan`
--

INSERT INTO `karyawan` (`nik`, `nama`, `email`, `id_bagian_dept`, `id_jabatan`) VALUES
('110918', 'Hendyansyah Putra, S.E., M.M.', 'Hendyansyah Putra@trilogi.ac.id', 13, 2),
('11101', 'Novita, S.E.Ak., M.Ak., C.A.', 'Novita@trilogi.ac.id', 15, 2),
('130407', 'Syafbrani, S.Pd.,M.M.', 'Syafbrani@trilogi.ac.id', 4, 2),
('130503', 'Dr. Ahmad Rifqi Fauzi, S.P., M.Si', 'Dr. Ahmad Rifqi Fauzi@trilogi.ac.id', 17, 2),
('130507', 'Hermawan Seftiono, S.Si., M.Si.', 'Hermawan Seftiono@trilogi.ac.id', 32, 2),
('130510', 'Maulidian, S.Hut., M.M.', 'Maulidian@trilogi.ac.id', 6, 2),
('130513', 'Rizka Ramayanti, S.E., M.Si', 'Rizka Ramayanti@trilogi.ac.id', 9, 2),
('130915', 'Rudi Setiawan, S.Kom., M.Cs.', 'Rudi Setiawan@trilogi.ac.id', 16, 2),
('140110', 'Oki Kurniawan, S.Ds., M.Ds.', 'Oki Kurniawan@trilogi.ac.id', 28, 2),
('140605', 'Faisal, S.Kom., M.Kom', 'Faisal@trilogi.ac.id', 30, 2),
('140804', 'Erneza Dewi Krishnasari, S.Ds., M.Ds', 'Erneza Dewi Krishnasari@trilogi.ac.id', 18, 2),
('140808', 'Silvester Dian Handy Permana, S.T., M.T.I, CDS, CPro.', 'Silvester Dian Handy Permana@trilogi.ac.id', 10, 2),
('140901', 'Fanny Suzuda Pohan, S.E., M.M.', 'Fanny Suzuda Pohan@trilogi.ac.id', 21, 2),
('140904', 'Warid, S.P., M.Si.', 'Warid@trilogi.ac.id', 5, 2),
('141001', 'Dr. Arman, SP., M.Si.', 'Arman@trilogi.ac.id', 31, 2),
('141003', 'Wahyu Hidayat, S.E.', 'Wahyu Hidayat@trilogi.ac.id', 11, 2),
('150802', 'Dr. Roostrianawahti Soekmono', 'Roostrianawahti Soekmono@trilogi.ac.id', 25, 2),
('150923', 'Ir. Yaddarabullah, M.Kom., Asean.Eng.', 'Ir. Yaddarabullah@trilogi.ac.id', 29, 2),
('160302', 'Dr. Duana Fera Risina, S.Pd., M.Pd.', 'Duana Fera Risina@trilogi.ac.id', 7, 2),
('160503', 'Winda Amelia, S.Pd., M.Pd.', 'Winda Amelia@trilogi.ac.id', 24, 2),
('170002', 'Damar Rangga Putra, S.Sn. M.Ds', 'Damar Rangga Putra@trilogi.ac.id', 27, 2),
('170308', 'Gatot Tri Pranoto, S.Kom, M.Kom.', 'Gatot Tri Pranoto@trilogi.ac.id', 12, 1),
('170402', 'Rossi Iskandar, S.Pd.I., M.Pd.', 'Rossi Iskandar@trilogi.ac.id', 2, 2),
('200904', 'Dr. Aty Herawati', 'Dr. Aty Herawati@trilogi.ac.id', 19, 2),
('20601', 'Lely Dahlia, S.E., M.AK., CertIPSAS.', 'Lely Dahlia@trilogi.ac.id', 14, 2),
('210813', 'Dr. Dina Nurul Fitria, S.E.,MT.,CSCA.,CRP.', 'Dina Nurul Fitria@trilogi.ac.id', 26, 2),
('210903', 'Riko Noviantoro Widiarso, S.St., M.AP', 'Riko Noviantoro Widiarso@trilogi.ac.id', 3, 2),
('40203', 'Zed Abdullah, S.E., M.Si.', 'Zed Abdullah@trilogi.ac.id', 33, 2),
('50605', 'Dr. Mangasi Panjaitan', 'Dr. Mangasi Panjaitan@trilogi.ac.id', 22, 2),
('890704', 'Sri Opti, S.E.Ak., M.M., CA.', 'Sri Opti@trilogi.ac.id', 20, 2),
('900801', 'Dwi Sunu Kanto, Ph.D.', 'Dwi Sunu Kanto@trilogi.ac.id', 23, 2),
('9210101', 'Dra. Sri Rahayuningsih, M.M.', 'Sri Rahayuningsih@trilogi.ac.id', 1, 2),
('budi', 'Budi Septiono, S.H.', 'budi@gmail.com', 35, 1),
('gatot', 'Gatot', 'gatot@gmail.com', 34, 1);

-- --------------------------------------------------------

--
-- Table structure for table `kategori`
--

CREATE TABLE `kategori` (
  `id_kategori` int(11) NOT NULL,
  `nama_kategori` varchar(35) NOT NULL
) ENGINE=InnoDB DEFAULT CHARSET=latin1 COLLATE=latin1_swedish_ci;

--
-- Dumping data for table `kategori`
--

INSERT INTO `kategori` (`id_kategori`, `nama_kategori`) VALUES
(1, 'Undang-undang'),
(2, 'Penjelasan Undang-undang'),
(3, 'Peraturan Pemerintah'),
(4, 'Peraturan Presiden'),
(5, 'Peraturan Menteri'),
(6, 'Lampiran Peraturan'),
(7, 'Ringkasan Peraturan'),
(8, 'Laporan Peraturan'),
(9, 'Keputusan Menteri'),
(10, 'Peraturan Badan'),
(11, 'Keputusan Direktur'),
(12, 'Peraturan sekretaris'),
(13, 'Surat Keputusan Direktur'),
(14, 'Lampiran Surat Keputusan'),
(15, 'Surat Keputusan Sekretaris');

-- --------------------------------------------------------

--
-- Table structure for table `kondisi`
--

CREATE TABLE `kondisi` (
  `id_kondisi` int(11) NOT NULL,
  `nama_kondisi` varchar(30) NOT NULL,
  `waktu_respon` int(11) NOT NULL,
  `warna` varchar(30) NOT NULL
) ENGINE=InnoDB DEFAULT CHARSET=latin1 COLLATE=latin1_swedish_ci;

--
-- Dumping data for table `kondisi`
--

INSERT INTO `kondisi` (`id_kondisi`, `nama_kondisi`, `waktu_respon`, `warna`) VALUES
(5, 'SEGERA', 7, '#FF0000'),
(6, 'PENTING', 14, '#FF8800'),
(7, 'DIPERHATIKAN', 30, '#00FFD5');

-- --------------------------------------------------------

--
-- Table structure for table `lokasi`
--

CREATE TABLE `lokasi` (
  `id_lokasi` int(11) NOT NULL,
  `lokasi` varchar(128) NOT NULL
) ENGINE=InnoDB DEFAULT CHARSET=latin1 COLLATE=latin1_swedish_ci;

--
-- Dumping data for table `lokasi`
--

INSERT INTO `lokasi` (`id_lokasi`, `lokasi`) VALUES
(11, 'Universitas Trilogi');

-- --------------------------------------------------------

--
-- Table structure for table `sub_kategori`
--

CREATE TABLE `sub_kategori` (
  `id_sub_kategori` int(11) NOT NULL,
  `nama_sub_kategori` varchar(35000) NOT NULL,
  `id_kategori` int(11) NOT NULL
) ENGINE=InnoDB DEFAULT CHARSET=latin1 COLLATE=latin1_swedish_ci;

--
-- Dumping data for table `sub_kategori`
--

INSERT INTO `sub_kategori` (`id_sub_kategori`, `nama_sub_kategori`, `id_kategori`) VALUES
(1, 'Undang-undang Republik Indonesia Nomor 11 Tahun 2014 Tentang Keinsinyuran', 1),
(2, 'Undang-undang Republik Indonesia Nomor 24 Tahun 2013 Tentang Perubahan Atas Undang-undang Nomor 23 Tahun 2006 Tentang Administrasi Kependudukan', 1),
(3, 'Undang-undang Republik Indonesia Nomor 12 Tahun 2012 Tentang Pendidikan Tinggi', 1),
(4, 'Undang-undang Republik Indonesia Nomor 25 Tahun 2009 Tentang Pelayanan Publik', 1),
(5, 'Undang-Undang Republik Indonesia Nomor 14 Tahun 2008 Tentang Keterbukaan Informasi Publik', 1),
(6, 'Undang-undang Republik Indonesia Nomor 11 Tahun 2008 Tentang Informasi dan Transaksi Elektronik', 1),
(7, 'Undang-undang Republik Indonesia Nomor 14 Tahun 2005 Tentang Guru dan Dosen', 1),
(8, 'Undang-undang Republik Indonesia Nomor 28 Tahun 2004 Tentang Perubahan Atas Undang-undang Nomor 16 Tahun 2001 Tentang Yayasan', 1),
(9, 'Undang-undang Republik Indonesia Nomor 20 Tahun 2003 Tentang Sistem Pendidikan Nasional', 1),
(10, 'Undang-undang Republik Indonesia Nomor 03 Tahun 2016 Tentang Merek ', 1),
(11, 'Undang-undang Republik Indonesia Nomor 28 Tahun 2014 Tentang Hak Cipta', 1),
(12, 'Undang-undang Nomor 16 Tahun 2001 Tentang Yayasan', 1),
(13, 'Penjelasan Undang-undang Nomor 16 Tahun 2001 Tentang Yayasan', 2),
(14, 'Peraturan Pemerintah Republik Indonesia Nomor 4 Tahun 2022 Tentang Perubahan Atas Peraturan Pemerintah Nomor 57 Tahun 2021 Tentang Standar Nasional Pendidikan', 3),
(15, 'Peraturan Pemerintah Republik Indonesia Nomor 13 Tahun 2015 tentang Perubahan Kedua Atas Peraturan Pemerintah Nomor 19 Tahun 2005 Tentang Standar Nasional Pendidikan', 3),
(16, 'Peraturan Pemerintah Republik Indonesia Nomor 4 Tahun 2014 Tentang Penyelenggaraan Pendidikan Tinggi Dan Pengelolaan Perguruan Tinggi', 3),
(17, 'Peraturan Pemerintah Republik Indonesia Nomor 32 Tahun 2013 tentang Perubahan Atas Peraturan Pemerintah Nomor 19 Tahun 2005 tentang Standar Nasional Pendidikan', 3),
(18, 'Peraturan Pemerintah Republik Indonesia Nomor 96 Tahun 2012 tentang Penutup Undang-undang Nomor 25 Tahun 2009 tentang Pelayanan Publik', 3),
(19, 'Peraturan Pemerintah Republik Indonesia Nomor 82 Tahun 2012 Tentang Penyelenggaraan Sistem Dan Transaksi Elektronik', 3),
(20, 'Peraturan Pemerintah Republik Indonesia Nomor 66 Tahun 2010 Tentang Perubahan Atas Peraturan Pemerintah Nomor 17 Tahun 2010 Tentang Pengelolaan Dan Penyelenggaraan Pendidikan', 3),
(21, 'Peraturan Pemerintah Republik Indonesia Nomor 17 Tahun 2010 Tentang Pengelolaan Dan Penyelenggaraan Pendidikan', 3),
(22, 'Peraturan Pemerintah Republik Indonesia Nomor 41 Tahun 2009 Tentang Peraturan Menteri Pendidikan Dan Kebudayaan Republik Indonesia Nomor 10 Tahun 2020 Tentang Program Indonesia Pintar ', 3),
(23, 'Peraturan Pemerintah Republik Indonesia Nomor 37 Tahun 2009 Tentang Dosen', 3),
(24, 'Peraturan Pemerintah Republik Indonesia Nomor 19 Tahun 2005 Tentang Standar Nasional Pendidikan', 3),
(25, 'Peraturan Presiden Republik Indonesia Nomor 8 Tahun 2012 Tentang Kerangka Kualifikasi Nasional Indonesia', 4),
(26, 'Peraturan Menteri Pendidikan, Kebudayaan, Riset, dan Teknologi Nomor 53 Tahun 2023 Tentang Penjaminan Mutu Pendidikan Tinggi', 5),
(27, 'Peraturan Menteri Pendidikan, Kebudayaan, Riset, dan Teknologi Nomor 23 Tahun 2023 Tentang Penyelenggaraan Perguruan Tinggi Lembaga Negara Lain', 5),
(28, 'Peraturan Menteri Pendayagunaan Aparatur Negara dan Reformasi Birokrasi Republik Indonesia Nomor 1 Tahun 2023 Tentang Jabatan Fungsional', 5),
(29, 'Peraturan Menteri Pendidikan, Kebudayaan, Riset, Dan Teknologi Republik Indonesia Nomor 45 Tahun 2022 Tentang Perpindahan Mahasiswa', 5),
(30, 'Peraturan Menteri Pendidikan, Kebudayaan, Riset, dan Teknologi  Republik Indonesia Nomor 31 Tahun 2022 Tentang Satu Data Pendidikan, Kebudayaan, Riset, dan Teknologi', 5),
(31, 'Peraturan Menteri Pendidikan, Kebudayaan, Riset, Dan Teknologi Republik Indonesia Nomor 13 Tahun 2022 Tentang Perubahan Atas Peraturan Menteri Pendidikan Dan Kebudayaan Nomor 22 Tahun 2020 Tentang Rencana Strategis Kementerian Pendidikan Dan Kebudayaan Tahun 2020-2024', 5),
(32, 'Peraturan Menteri Pendidikan, Kebudayaan, Riset, Dan Teknologi Republik Indonesia Nomor 8 Tahun 2022 Tentang Sistem Pemerintahan Berbasis Elektronik', 5),
(33, 'Peraturan Menteri Pendidikan, Kebudayaan, Riset, Dan Teknologi Republik Indonesia Nomor 6 Tahun 2022 Tentang Ijazah, Sertifikat Kompetensi, Sertifikat Profesi, Gelar, Dan Kesetaraan Ijazah Perguruan Tinggi Negara Lain', 5),
(34, 'Peraturan Menteri Pendidikan, Kebudayaan, Riset, Dan Teknologi Republik Indonesia Nomor 41 Tahun 2021 Tentang Rekognisi Pembelajaran Lampau', 5),
(35, 'Peraturan Menteri Pendidikan, Kebudayaan, Riset, dan Teknologi Nomor 39 Tahun 2021 Tentang Integritas Akademik Dalam Menghasilkan Karya Ilmiah', 5),
(36, 'Peraturan Menteri Pendidikan, Kebudayaan, Riset, Dan Teknologi Republik Indonesia Nomor 38 Tahun 2021 Tentang Pengangkatan Profesor Kehormatan Pada Perguruan Tinggi', 5),
(37, 'Peraturan Menteri Pendidikan, Kebudayaan, Riset, Dan Teknologi Republik Indonesia Nomor 35 Tahun 2021 Tentang Organisasi Dan Tata Kerja Lembaga Layanan Pendidikan Tinggi', 5),
(38, 'Peraturan Menteri Pendidikan, Kebudayaan, Riset, dan Teknologi Nomor 30 Tahun 2021 Tentang Pencegahan dan Penanganan Kekerasan Seksual di Lingkungan Perguruan Tinggi', 5),
(39, 'Peraturan Menteri Pendidikan Dan Kebudayaan Republik Indonesia Nomor 40 Tahun 2020 Tentang Layanan Informasi Publik Di Kementerian Pendidikan Dan Kebudayaan', 5),
(40, 'Peraturan Menteri Pendidikan Dan Kebudayaan Republik Indonesia Nomor 34 Tahun 2020 Tentang Organisasi Dan Tata Kerja Lembaga Layanan Pendidikan Tinggi ', 5),
(41, 'Peraturan Menteri Pendidikan Dan Kebudayaan Republik Indonesia Nomor 10 Tahun 2020 Tentang Program Indonesia Pintar ', 5),
(42, 'Peraturan Menteri Pendidikan Dan Kebudayaan Republik Indonesia Nomor 7 Tahun 2020 Tentang Pendirian, Perubahan, Pembubaran Perguruan Tinggi Negeri, Dan Pendirian, Perubahan, Pencabutan Izin Perguruan Tinggi Swasta  ', 5),
(43, 'Peraturan Menteri Pendidikan Dan Kebudayaan Republik Indonesia Nomor 5 Tahun 2020 Tentang Akreditasi Program Studi Dan Perguruan Tinggi ', 5),
(44, 'Peraturan Menteri Pendidikan Dan Kebudayaan Republik Indonesia Nomor 3 Tahun 2020 Tentang Standar Nasional Pendidikan Tinggi ', 5),
(45, 'Peraturan Menteri Riset, Teknologi, Dan Pendidikan Tinggi Republik Indonesia Nomor 37 Tahun 2019 Tentang Tentang Uraian Jabatan Di Lembaga Layanan Pendidikan Tinggi', 5),
(46, 'Lampiran Peraturan Menteri Riset, Teknologi, Dan Pendidikan Tinggi Republik Indonesia Nomor 37 Tahun 2019 Tentang Tentang Uraian Jabatan Di Lembaga Layanan Pendidikan Tinggi ', 6),
(47, 'Peraturan Menteri Riset, Teknologi, Dan Pendidikan Tinggi Republik Indonesia Nomor 33 Tahun 2019 Tentang Penyelenggaraan Pendidikan Antikorupsi Di Perguruan Tinggi', 5),
(48, 'Peraturan Menteri Riset, Teknologi, Dan Pendidikan Tinggi Republik Indonesia Nomor 31 Tahun 2019 Tentang Rincian Tugas Unit Kerja Di Lingkungan Lembaga Layanan Pendidikan Tinggi Tipe A', 5),
(49, 'Peraturan Menteri Riset, Teknologi, Dan Pendidikan Tinggi Republik Indonesia Nomor 24 Tahun 2019 Tentang Manajemen Inovasi Perguruan Tinggi', 5),
(50, 'Peraturan Menteri Riset, Teknologi, Dan Pendidikan Tinggi Republik Indonesia Nomor 10 Tahun 2019 Tentang Kelas Jabatan Di Lembaga Layanan Pendidikan Tinggi', 5),
(51, 'Lampiran I Peraturan Menteri Riset, Teknologi, Dan Pendidikan Tinggi Republik Indonesia Nomor 10 Tahun 2019 Tentang Kelas Jabatan Di Lembaga Layanan Pendidikan Tinggi ', 6),
(52, 'Peraturan Menteri Riset, Teknologi, Dan Pendidikan Tinggi Republik Indonesia Nomor 7 Tahun 2019 Tentang Perpindahan Dosen Warga Negara Indonesia Dari Perguruan Tinggi Luar Negeri Ke Perguruan Tinggi Dalam Negeri ', 5),
(53, 'Peraturan Menteri Riset, Teknologi, Dan Pendidikan Tinggi Republik Indonesia Nomor 59 Tahun 2018 Tentang Ijazah, Sertifikat Kompetensi, Sertifikat Profesi, Gelar, Dan Tata Cara Penulisan Gelar Di Perguruan Tinggi', 5),
(54, 'Peraturan Menteri Riset, Teknologi, dan Pendidikan Tinggi Nomor 54 Tahun 2018 Tentang Penyelenggaraan Program Diploma Dalam Sistem Terbuka Pada Perguruan Tinggi  ', 5),
(55, 'Peraturan Menteri Riset, Teknologi, dan Pendidikan Tinggi Nomor 53 Tahun 2018 Tentang Perguruan Tinggi Luar Negeri  ', 5),
(56, 'Peraturan Menteri Riset, Teknologi, dan Pendidikan Tinggi Nomor 52 Tahun 2018 Tentang Prosedur Pendirian Perguruan Tinggi Swasta, Pembukaan Program Studi, Program Kerjasama Dan Swasta Di Perguruan Tinggi Swasta  ', 5),
(57, 'Peraturan Menteri Riset, Teknologi, dan Pendidikan Tinggi Nomor 51 Tahun 2018 Tentang Pendirian, Perubahan, Pembubaran Perguruan Tinggi Negeri, Dan Pendirian, Perubahan, Pencabutan Izin Perguruan Tinggi Swasta  ', 5),
(58, 'Peraturan Menteri Riset, Teknologi, Dan Pendidikan Tinggi Nomor 50 Tahun 2018 Tentang Perubahan Atas Peraturan Menteri Riset, Teknologi, Dan Pendidikan Tinggi Nomor 44 Tahun 2015 Tentang Standar Nasional Pendidikan Tinggi', 5),
(59, 'Peraturan Menteri Riset, Teknologi, dan Pendidikan Tinggi Nomor 49 Tahun 2018 Tentang Komite Nasional Kualifikasi Indonesia', 5),
(60, 'Peraturan Menteri Riset, Teknologi, dan Pendidikan Tinggi Nomor 36 Tahun 2018 Tentang Tata Cara Penyusunan Prioritas Penelitian Nasional dan Kebijakan Pemantauan Dan Evaluasi Pelaksanaan Rencana Induk Riset Nasional ', 5),
(61, 'Peraturan Menteri Riset, Teknologi, dan Pendidikan Tinggi Republik Indonesia Nomor 33 Tahun 2018 Tentang Program Penamaan Studi Pada Perguruan Tinggi', 5),
(62, 'Peraturan Menteri Riset, Teknologi, dan Pendidikan Tinggi Republik Indonesia Nomor 20 Tahun 2018 Tentang Penelitian', 5),
(63, 'Peraturan Menteri Riset, Teknologi, dan Pendidikan Tinggi Republik Indonesia Nomor 16 Tahun 2018 tentang Tata Cara Penyusunan Statuta Perguruan Tinggi Swasta', 5),
(64, 'Peraturan Menteri Riset, Teknologi, dan Pendidikan Tinggi Nomor 15 Tahun 2018 tentang Organisasi dan Tata Kerja Lembaga Layanan Pendidikan Tinggi ', 5),
(65, 'Lampiran Peraturan Menteri Riset, Teknologi, dan Pendidikan Tinggi Republik Indonesia Nomor 15 Tahun 2018 tentang Organisasi dan Tata Kerja Lembaga Layanan Pendidikan Tinggi ', 6),
(66, 'Peraturan Menteri Riset, Teknologi, dan Pendidikan Tinggi Republik Indonesia Nomor 9 Tahun 2018 tentang Akreditasi Jurnal Ilmiah', 5),
(67, 'Peraturan Menteri Riset, Teknologi, dan Pendidikan Tinggi Republik Indonesia Nomor 8 Tahun 2018 tentang Tata Cara Pengangkatan Pegawai Negeri Sipil Dalam Jabatan Fungsional Dosen Melalui Penyesuaian / Inpassing', 5),
(68, 'Peraturan Menteri Riset, Teknologi, dan Pendidikan Tinggi Republik Indonesia Nomor 3 Tahun 2018 tentang Penggabungan dan Penyatuan Perguruan Tinggi Swasta', 5),
(69, 'Ringkasan Peraturan Menteri Riset, Teknologi, dan Pendidikan Tinggi Republik Indonesia Nomor 2 Tahun 2018 tentang Pedoman Analisis Biaya Kerja Jabatan Pelaksana Lingkungan Kementerian Riset, Teknologi, dan Pendidikan Tinggi', 7),
(70, 'Peraturan Menteri Riset, Teknologi, dan Pendidikan Tinggi Republik Indonesia Nomor 2 Tahun 2018 tentang Pedoman Analisis Biaya Kerja Jabatan Pelaksana Lingkungan Kementerian Riset, Teknologi, dan Pendidikan Tinggi', 5),
(71, 'Peraturan Menteri Riset, Teknologi, dan Pendidikan Tinggi Republik Indonesia Nomor 91 Tahun 2017 tentang Perpindahan Dosen dan Alih Tugas Pegawai Negeri Sipil Non Dosen Menjadi Dosen', 5),
(72, 'Ringkasan Peraturan Menteri Pendidikan, Teknologi, dan Pendidikan Tinggi Republik Indonesia Nomor 65 Tahun 2017 tentang kebijakan Keprotokolan di Lingkungan Kementerian Riset, Teknologi, dan Pendidikan Tinggi', 7),
(73, 'Peraturan Menteri Riset, Teknologi, dan Pendidikan Tinggi Republik Indonesia Nomor 65 Tahun 2017 tentang Pedoman Keprotokolan di Lingkungan Kementerian Riset, Teknologi, dan Pendidikan Tinggi', 5),
(74, 'Peraturan Menteri Riset, Teknologi, dan Pendidikan Tinggi Republik Indonesia Nomor 62 Tahun 2017 tentang Tata Kelola Teknologi Informasi di Lingkungan Kementerian Riset, Teknologi, dan Pendidikan Tinggi', 5),
(75, 'Peraturan Menteri Riset, Teknologi, dan Pendidikan Tinggi Republik Indonesia Nomor 59 Tahun 2017 tentang Penyetaraan Ijazah dan Konversi Nilai Indeks Prestasi Kumulatif Lulusan Perguruan Tinggi Luar Negeri', 5),
(76, 'Peraturan Menteri Riset, Teknologi, dan Pendidikan Tinggi Republik Indonesia Nomor 55 Tahun 2017 Tentang Standar Pendidikan Guru', 5),
(77, 'Peraturan Menteri Riset, Teknologi, dan Pendidikan Tinggi Republik Indonesia Nomor 51 Tahun 2017 Tentang Sertifikasi Pendidik Untuk Dosen', 5),
(78, 'Peraturan Menteri Riset, Teknologi, dan Pendidikan Tinggi Republik Indonesia Nomor 50 Tahun 2017 Tentang Rencana Strategis Kementerian Riset, Teknologi, dan Pendidikan Tinggi Tahun 2015-2019', 5),
(79, 'Peraturan Menteri Riset, Teknologi, dan Pendidikan Tinggi Republik Indonesia Nomor 43 Tahun 2017 Tentang Kuota Nasional dan Seleksi Penerimaan Mahasiswa Baru Program Studi Kedokteran dan Program Studi Kedokteran Gigi', 5),
(80, 'Peraturan Menteri Riset, Teknologi, dan Pendidikan Tinggi Republik Indonesia Nomor 20 Tahun 2017 Tentang Pemberian Tunjangan Profesi Dosen dan Tunjangan Kehormatan Profesor', 5),
(81, 'Ringkasan Peraturan Menteri Pendidikan, Teknologi, dan Pendidikan Tinggi Republik Indonesia Nomor 20 Tahun 2017 Tentang Pemberian Tunjangan Profesi Dosen dan Tunjangan Keh', 7),
(82, 'Peraturan Menteri Riset, Teknologi, dan Pendidikan Tinggi Republik Indonesia Nomor 15 Tahun 2017 Tentang Penamaan Pogram Studi Pada Perguruan Tinggi', 5),
(83, 'Peraturan Menteri Riset, Teknologi, dan Pendidikan Tinggi Republik Indonesia Nomor 14 Tahun 2017 Tentang Daftar Kegiatan dan Obyek Perijinan Penelitian Asing Yang Tidak Direkomendasikan', 5),
(84, 'Ringkasan Peraturan Menteri Riset, Teknologi, dan Pendidikan Tinggi Republik Indonesia Nomor 14 Tahun 2017 Tentang Daftar Kegiatan dan Obyek Perijinan Penelitian Asing Yang Tidak Direkomendasikan', 7),
(85, 'Peraturan Menteri Riset, Teknologi, dan Pendidikan Tinggi Republik Indonesia Nomor 4 Tahun 2017 Tentang Komisi Kerja Sama di Kementerian Riset, Teknologi, dan Pendidikan Tinggi', 5),
(86, 'Ringkasan Peraturan Menteri Riset, Teknologi, dan Pendidikan Tinggi Republik Indonesia Nomor 4 Tahun 2017 Tentang Komisi Kerja Sama di Kementerian Riset, Teknologi, dan Pendidikan Tinggi', 7),
(87, 'Peraturan Menteri Riset, Teknologi, dan Pendidikan Tinggi Republik Indonesia Nomor 1 Tahun 2017 Tentang Pembukaan, Perubahan, dan Penutupan Program Studi di Luar Kampus Utama Perguruan Tinggi', 5),
(88, 'Peraturan Menteri Riset, Teknologi, dan Pendidikan Tinggi Republik Indonesia Nomor 100 Tahun 2016 Tentang Pendirian, Perubahan, Pembubaran Perguruan Tinggi Negeri, dan Pendirian, Perubahan, Pencabutan Izin Perguruan Tinggi Swasta', 5),
(89, 'Peraturan Menteri Riset, Teknologi, dan Pendidikan Tinggi Republik Indonesia Nomor 98 Tahun 2016 Tentang Pemberian Kuasa dan Delegasi Wewenang Kegiatan Administrasi Kepegawaian Kepada Pejabat Tertentu Di Lingkungan Kementerian Riset, Teknologi, dan Pendidikan Tinggi', 5),
(90, 'Ringkasan Peraturan Menteri Riset, Teknologi, dan Pendidikan Tinggi Republik Indonesia Nomor 98 Tahun 2016 Tentang Pemberian Kuasa dan Delegasi Wewenang Kegiatan Administrasi Kepegawaian Kepada Pejabat Tertentu Di Lingkungan Kementerian Riset, Teknologi, dan Pendidikan Tinggi', 7),
(91, 'Peraturan Menteri Riset, Teknologi, dan Pendidikan Tinggi Republik Indonesia Nomor 90 Tahun 2016 Tentang Pelimpahan Sebagian Wewenang dan Tanggung Jawab Pengelolaan Barang Milik Negara Di Lingkungan Kementerian Riset, Teknologi, dan Pendidikan Tinggi', 5),
(92, 'Lampiran I Peraturan Menteri Riset, Teknologi, dan Pendidikan Tinggi Republik Indonesia Nomor 90 Tahun 2016 Tentang Pelimpahan Sebagian Wewenang dan Tanggung Jawab Pengelolaan Barang Milik Negara Di Lingkungan Kementerian Riset, Teknologi, dan Pendidikan Tinggi', 6),
(93, 'Lampiran II Peraturan Menteri Pendidikan, Teknologi, dan Pendidikan Tinggi Republik Indonesia Nomor 90 Tahun 2016 Tentang Pelimpahan Sebagian Wewenang dan Tanggung Jawab Pengelolaan Barang Milik Negara Di Lingkungan Kementerian Riset, Teknologi, dan Pendidikan Tinggi', 6),
(94, 'Lampiran III Peraturan Menteri Pendidikan, Teknologi, dan Pendidikan Tinggi Republik Indonesia Nomor 90 Tahun 2016 Tentang Pelimpahan Sebagian Wewenang dan Tanggung Jawab Pengelolaan Barang Milik Negara Di Lingkungan Kementerian Riset, Teknologi, dan Pendidikan Tinggi', 6),
(95, 'Lampiran IV Peraturan Menteri Riset, Teknologi, dan Pendidikan Tinggi Republik Indonesia Nomor 90 Tahun 2016 Tentang Pelimpahan Sebagian Wewenang dan Tanggung Jawab Pengelolaan Barang Milik Negara Di Lingkungan Kementerian Riset, Teknologi, dan Pendidikan Tinggi', 6),
(96, 'Peraturan Menteri Pendayagunaan Aparatur Negara dan Reformasi Birokrasi Republik Indonesia Nomor 25 Tahun 2016 Tentang Nomenklatur Jabatan Pelaksana Bagi Pegawai Negeri Sipil di Lingkungan Pemerintah', 5),
(97, 'Peraturan Menteri Keuangan Republik Indonesia Nomor 106 Tahun 2016 tentang Standar Biaya Keluaran Tahun Anggaran 2017', 5),
(98, 'Peraturan Menteri Riset, Teknologi, dan Pendidikan Tinggi Republik Indonesia Nomor 75 Tahun 2016 Tentang Layanan Informasi Publik', 5),
(99, 'Laporan Peraturan Menteri Riset, Teknologi, dan Pendidikan Tinggi Republik Indonesia Nomor 69 Tahun 2016 tentang Pembentukan Komite Penilai dan atau Reviewer dan Tata Cara melakukan Evaluasi dengan Sistem Biaya Keluaran', 8),
(100, 'Peraturan Menteri Riset, Teknologi, dan Pendidikan Tinggi Republik Indonesia Nomor 69 Tahun 2016 Tentang Pembentukan Komite Penilai dan / atau Reviewer dan Tata Cara melakukan Evaluasi dengan Sistem Biaya Keluaran', 5),
(101, 'Peraturan Menteri Riset, Teknologi, dan Pendidikan Tinggi Republik Indonesia Nomor 68 Tahun 2016 Tentang Layanan Pengadaan Sistem Elektronik Di Lingkungan Kementerian Riset, Teknologi, dan Pendidikan Tinggi', 5),
(102, 'Peraturan Menteri Riset, Teknologi, dan Pendidikan Tinggi Republik Indonesia Nomor 65 Tahun 2016 Tentang Gelar Doktor Kehormatan', 5),
(103, 'Peraturan Menteri Riset, Teknologi, dan Pendidikan Tinggi Republik Indonesia Nomor 63 Tahun 2016 Tentang Gelar dan Tata Cara Penulisan Gelar di Perguruan Tinggi', 5),
(104, 'Peraturan Menteri Riset, Teknologi, dan Pendidikan Tinggi Republik Indonesia Nomor 62 Tahun 2016 Tentang Sistem Penjaminan Mutu Pendidikan Tinggi', 5),
(105, 'Peraturan Menteri Riset, Teknologi, dan Pendidikan Tinggi Republik Indonesia Nomor 61 Tahun 2016 Tentang Pangkalan Data Pendidikan Tinggi', 5),
(106, 'Peraturan Menteri Riset, Teknologi, dan Pendidikan Tinggi Republik Indonesia Nomor 60 Tahun 2016 Tentang Pedoman Penanganan Pengaduan Whistleblower dan Pengaduan Masyarakat di Lingkungan Kementerian Riset, Teknologi, dan Pendidikan Tinggi', 5),
(107, 'Lampiran Peraturan Menteri Riset, Teknologi, dan Pendidikan Tinggi Nomor 59 Tahun 2016 Pelayanan Publik Di Kementerian Riset, Teknologi, dan Pendidikan Tinggi', 6),
(108, 'Peraturan Menteri Riset, Teknologi, dan Pendidikan Tinggi Nomor 59 Tahun 2016 Tentang Pelayanan Publik Di Kementerian Riset, Teknologi, dan Pendidikan Tinggi', 5),
(109, 'Peraturan Menteri Riset, Teknologi, dan Pendidikan Tinggi Republik Indonesia Nomor 55 Tahun 2016 Tentang Pengendalian Gratifikasi di Lingkungan Kementerian Riset, Teknologi, dan Pendidikan Tinggi', 5),
(110, 'Peraturan Menteri Riset, Teknologi, dan Pendidikan Tinggi Republik Indonesia Nomor 53 Tahun 2016 Tentang Tata Cara Pembentukan Peraturan Perundangan-di Kementerian Riset, Teknologi, dan Pendidikan Tinggi', 5),
(111, 'Lampiran I dan II Peraturan Menteri Riset, Teknologi, dan Pendidikan Tinggi Republik Indonesia Nomor 53 Tahun 2016 Tentang Tata Cara Pembentukan Peraturan Perundangan-di Kementerian Riset, Teknologi, dan Pendidikan Tinggi', 6),
(112, 'Lampiran III Peraturan Menteri Riset, Teknologi, dan Pendidikan Tinggi Republik Indonesia Nomor 53 Tahun 2016 Tentang Tata Cara Pembentukan Peraturan Perundangan-di Kementerian Riset, Teknologi, dan Pendidikan Tinggi', 6),
(113, 'Peraturan Menteri Riset, Teknologi, dan Pendidikan Tinggi Republik Indonesia Nomor 52 Tahun 2016 Tentang Komite Nasional', 5),
(114, 'Ringkasan Peraturan Menteri Pendidikan, Teknologi dan Pendidikan Tinggi Republik Indonesia Nomor 42 Tahun 2016 tentang Pengukuran dan Penetapan Tingkat Kesiapterapan Teknologi', 7),
(115, 'Peraturan Menteri Riset, Teknologi, dan Pendidikan Tinggi Nomor 42 Tahun 2016 Tentang Pengukuran dan Penetapan Tingkat Kesiapterapan Teknologi', 5),
(116, 'Peraturan Menteri Riset, Teknologi, dan Pendidikan Tinggi Nomor 35 Tahun 2016 Tentang Penyelenggaraan Program Studi Program Profesi Insinyur', 5),
(117, 'Peraturan Menteri Riset, Teknologi, dan Pendidikan Tinggi Republik Indonesia  Nomor 32 Tahun 2016 Tentang Program Akreditasi Studi dan Perguruan Tinggi', 5),
(118, 'Ringkasan Peraturan Menteri Riset, Teknologi, dan Pendidikan Tinggi Republik Indonesia  Nomor 31 Tahun 2016 Tentang Pemberian Tunjangan Kinerja Pegawai di Lingkungan Kementerian Riset, Teknologi dan Pendidikan Tinggi', 7),
(119, 'Peraturan Menteri Riset, Teknologi, dan Pendidikan Tinggi Republik Indonesia  Nomor 31 Tahun 2016 Tentang Pemberian Tunjangan Kinerja Pegawai di Lingkungan Kementerian Riset, Teknologi dan Pendidikan Tinggi', 5),
(120, 'Peraturan Menteri Keuangan Republik Indonesia Nomor 72 / PMK.05 / 2016 Tentang Uang Makan Untuk Pegawai Aparatur Sipil Negara', 5),
(121, 'Peraturan Menteri Riset, Teknologi, dan Pendidikan Tinggi Republik Indonesia Nomor 26 Tahun 2016 Tentang Rekognisi Pembelajaran Lampau', 5),
(122, 'Ringkasan Peraturan Menteri Riset, Teknologi, dan Pendidikan Tinggi Nomor 12 Tahun 2016 Tentang Tata Cara Pelaksanaan Uji Kompetensi Mahasiswa Bidang Kesehatan', 7),
(123, 'Peraturan Menteri Riset, Teknologi, dan Pendidikan Tinggi Republik Indonesia Nomor 12 Tahun 2016 Tentang Tata Cara Pelaksanaan Uji Kompetensi Mahasiswa Bidang Kesehatan', 5),
(124, 'Peraturan Menteri Pendidikan, Teknologi, dan Pendidikan Tinggi Republik Indonesia Nomor 11 Tahun 2016 Tentang Sertifikat Profesi Dokter atau Dokter Gigi', 5),
(125, 'Peraturan Menteri Riset, Teknologi, dan Pendidikan Tinggi Republik Indonesia Nomor 11 Tahun 2016 Tentang Sertifikat Profesi Dokter atau Dokter Gigi', 5),
(126, 'Ringkasan Peraturan Menteri Pendidikan, Teknologi, dan Pendidikan Tinggi Republik Indonesia Nomor 2 Tahun 2016 Tentang Perubahan Atas Peraturan Menteri Riset, Teknologi, dan Pendidikan Tinggi Republik Indonesia Nomor 26 Tahun 2015 Tentang Registrasi Pendidik pada Perguruan Tinggi', 7),
(127, 'Peraturan Menteri Riset, Teknologi, dan Pendidikan Tinggi Republik Indonesia Nomor 2 Tahun 2016 Tentang Perubahan Atas Peraturan Menteri Riset, Teknologi, dan Pendidikan Tinggi Republik Indonesia Nomor 26 Tahun 2015 Tentang Registrasi Pendidik di Perguruan Tinggi', 5),
(128, 'Peraturan Menteri Keuangan Nomor 65 / PMK.02 / 2015 Tentang Standar Biaya Kirim Tahun Anggaran 2016', 5),
(129, 'Peraturan Menteri Riset, Teknologi, dan Pendidikan Tinggi Republik Indonesia Nomor 51 Tahun 2015 Tentang Tata Naskah Dinas di Lingkungan Kementerian Riset, Teknologi, dan Pendidikan Tinggi', 5),
(130, 'Peraturan Menteri Riset, Teknologi, dan Pendidikan Tinggi Republik Indonesia Nomor 50 Tahun 2015 Tentang Pendirian, Perubahan, Pembubaran Perguruan Tinggi Negeri dan Pendirian, Perubahan, dan Pencabutan Izin Perguruan Tinggi Swasta', 5),
(131, 'Ringkasan Peraturan Menteri Riset, Teknologi, dan Pendidikan Tinggi Republik Indonesia Nomor 44 Tahun 2015 Tentang Standar Nasional Pendidikan Tinggi', 7),
(132, 'Peraturan Menteri Riset, Teknologi, dan Pendidikan Tinggi Republik Indonesia Nomor 44 Tahun 2015 Tentang Standar Nasional Pendidikan Tinggi', 5),
(133, 'Peraturan Menteri Riset, Teknologi, dan Pendidikan Tinggi Republik Indonesia Nomor 26 Tahun 2015 Tentang Registrasi Pendidik pada Perguruan Tinggi', 5),
(134, 'Peraturan Menteri Riset, Teknologi, dan Pendidikan Tinggi Republik Indonesia Nomor 20 Tahun 2015 Tentang Tata Naskah Dinas di Lingkungan Kementerian Riset, Teknologi, dan Pendidikan Tinggi', 5),
(135, 'Peraturan Menteri Riset, Teknologi, dan Pendidikan Tinggi Republik Indonesia Nomor 19 Tahun 2015 Tentang Program Pembinaan Perguruan Tinggi Swasta Tahun 2015', 5),
(136, 'Peraturan Menteri Pendidikan dan Kebudayaan Republik Indonesia Nomor 154 Tahun 2014 Tentang Rumpun Ilmu Pengetahuan dan Teknologi serta Gelar Lulusan Perguruan Tinggi', 5),
(137, 'Lampiran Peraturan Menteri Pendidikan dan Kebudayaan Republik Indonesia Nomor 154 Tahun 2014 Tentang Rumpun Ilmu Pengetahuan dan Teknologi serta Gelar Lulusan Perguruan Tinggi', 6),
(138, 'Peraturan Menteri Pendidikan dan Kebudayaan Republik Indonesia Nomor 139 Tahun 2014 Tentang Pedoman Statuta dan Organisasi Perguruan Tinggi', 5),
(139, 'Peraturan Menteri Pendidikan dan Kebudayaan Republik Indonesia Nomor 96 Tahun 2014 Tentang Penyelenggaran Bantuan Biaya Pendidikan BIDIKMISI', 5),
(140, 'Peraturan Menteri Pendidikan dan Kebudayaan Republik Indonesia Nomor 95 Tahun 2014 Tentang Pendirian, Perubahan, dan Pembubaran Perguruan Tinggi Negeri Serta Pendirian, Perubahan, dan Pencabutan Izin Perguruan Tinggi Swasta', 5),
(141, 'Peraturan Menteri Pendidikan dan Kebudayaan Republik Indonesia Nomor 92 Tahun 2014 Tentang Pencatatan Pekerjaan Angka Kredit Jabatan Fungsional Dosen', 5),
(142, 'Peraturan Menteri Pendidikan dan Kebudayaan Republik Indonesia Nomor 92 Tahun 2014 Petunjuk Pelaksanaan Penilaian Angka Kredit Jabatan Fungsional Dosen', 5),
(143, 'Peraturan Menteri Pendidikan dan Kebudayaan Republik Indonesia Nomor 87 Tahun 2014 Tentang Program Akreditasi Studi dan Perguruan Tinggi', 5),
(144, 'Peraturan Menteri Pendidikan dan Kebudayaan Republik Indonesia Nomor 81 Tahun 2014 Tentang Ijazah, Sertifikat Kompetensi, dan Sertifikat Profesi Pendidikan Tinggi', 5),
(145, 'Peraturan Menteri Pendidikan dan Kebudayaan Republik Indonesia Nomor 67 tahun 2014 Tentang Pejabat Penilai Dosen pada SKP', 5),
(146, 'Peraturan Menteri Pendidikan dan Kebudayaan Republik Indonesia Nomor 50 Tahun 2014 tentang Sistem Penjaminan Mutu Pendidikan Tinggi', 5),
(147, 'Peraturan Menteri Pendidikan dan Kebudayaan Republik Indonesia Nomor 49 Tahun 2014 tentang Standar Nasional Pendidikan Tinggi', 5),
(148, 'Peraturan Menteri Pendidikan dan Kebudayaan Republik Indonesia Nomor 46 Tahun 2014 tentang Pendidikan Khusus, Pendidikan Layanan Khusus dan / atau Pembelajaran Layanan Khusus Pada Pendidikan Tinggi', 5),
(149, 'Peraturan Menteri Pendidikan dan Kebudayaan Republik Indonesia Nomor 18 Tahun 2014 tentang Pedoman Penyelesaian Kerugian Negara di Lingkungan Kementerian Pendidikan dan Kebudayaan', 5),
(150, 'Peraturan Menteri Pendidikan dan Kebudayaan Republik Indonesia Nomor 14 Tahun 2014 Tentang Pekerjaan Sama Perguruan Tinggi', 5),
(151, 'Peraturan Menteri Pendidikan dan Kebudayaan Republik Indonesia Nomor 11 Tahun 2014 Tentang Pengesahan Fotokopi Ijazah, Fotokopi Sertifikat Profesi, Fotokopi Surat Keterangan Pengganti Ijazah / Sertifikat Profesi, dan Penerbitan Surat Keterangan Pengganti Ijazah / Sertifikat Profesi Lulusan Perguruan Tinggi', 5),
(152, 'Peraturan Menteri Pendidikan dan Kebudayaan Republik Indonesia Nomor 8 Tahun 2014 Tentang Alih Jabatan / Tugas Pegawai Negeri Sipil Dosen', 5),
(153, 'Peraturan Menteri Pendayagunaan Aparatur Negara dan Reformasi Birokrasi Nomor 16 Tahun 2014 tentang Pedoman Survei Kepuasan Publik Terhadap Penyelenggaraan Pelayanan Publik', 5),
(154, 'Peraturan Menteri Pendayagunaan Aparatur Negara dan Reformasi Birokrasi Nomor 15 Tahun 2014 tentang Pedoman Standar Pelayanan', 5),
(155, 'Peraturan Menteri Pendidikan dan Kebudayaan Republik Indonesia Nomor 109 Tahun 2013 Tentang Penyelenggaraan Pendidikan Jarak Jauh Pada Pendidikan Tinggi', 5),
(156, 'Peraturan Menteri Pendidikan dan Kebudayaan Republik Indonesia Nomor 84 Tahun 2013 Tentang Pengangkatan Dosen Tetap Non Pegawai Negeri Sipil Pada Perguruan Tinggi Negeri Dan Dosen Tetap Pada Perguruan Tinggi Swasta', 5),
(157, 'Peraturan Menteri Pendidikan dan Kebudayaan Republik Indonesia Nomor 78 Tahun 2013 Tentang Pemberian Tunjangan Profesi dan Tunjangan Kehormatan Bagi Dosen Yang Menduduki Jabatan Akademik Profesor', 5),
(158, 'Peraturan Menteri Pendidikan dan Kebudayaan Republik Indonesia Nomor 73 Tahun 2013 Tentang Penerapan Kerangka Kualifikasi Nasional Indonesia Bidang Pendidikan Tinggi', 5),
(159, 'Peraturan Menteri Pendayagunaan Aparatur Negara dan Reformasi Birokrasi Nomor 17 Tahun 2013 tentang Jabatan Fungsional Dosen dan Angka Kreditnya', 5),
(160, 'Peraturan Menteri Pendidikan dan Kebudayaan Republik Indonesia Nomor 51 Tahun 2013 tentang Pengendalian Gratifikasi di Lingkungan Kementerian Pendidikan dan Kebudayaan', 5),
(161, 'Peraturan Menteri Pendidikan dan Kebudayaan Republik Indonesia Nomor 48 Tahun 2013 tentang Pendirian, Perubahan, dan Pencabutan Izin Akademi Komunitas', 5),
(162, 'Peraturan Menteri Pendidikan dan Kebudayaan Republik Indonesia Nomor 42 Tahun 2013 tentang Perubahan Atas Peraturan Menteri Pendidikan dan Kebudayaan Republik Indonesia Nomor 1 Tahun 2013 Tentang Organisasi dan Tata Kerja Swasta Perguruan Tinggi Swasta', 5),
(163, 'Peraturan Menteri Pendidikan dan Kebudayaan Republik Indonesia Nomor 1 Tahun 2013 Tentang Organisasi dan Tata Kerja Koordinasi Perguruan Tinggi Swasta', 5),
(164, 'Peraturan Menteri Pendayagunaan Aparatur Negara dan Reformasi Birokrasi Nomor 36 Tahun 2012 tentang Petunjuk Teknis Penyusunan, Penetapan, dan Penerusan Standar Pelayanan', 5),
(165, 'Peraturan Menteri Pendidikan dan Kebudayaan Republik Indonesia Nomor 40 Tahun 2012 Tentang Pengangkatan Profesor / Guru Besar Tidak Tetap Pada Perguruan Tinggi', 5),
(166, 'Peraturan Menteri Pendidikan Nasional Republik Indonesia Nomor 17 Tahun 2011 Tentang Pemberian Beasiswa untuk Pendidik dan Tenaga Kependidikan pada Pendidikan Tinggi', 5),
(167, 'Peraturan Menteri Pendidikan Nasional Republik Indonesia Nomor 20 Tahun 2011 tentang Penyelenggaraan Prodi di Luar Domisili Perguruan Tinggi', 5),
(168, 'Peraturan Menteri Pendidikan Nasional Republik Indonesia Nomor 17 Tahun 2010 Tentang Pencegahan Dan Penanggulangan Plagiat Di Perguruan Tinggi', 5),
(169, 'Peraturan Menteri Pendidikan Nasional Republik Indonesia Nomor 6 Tahun 2010 Tentang Renungan Atas Peraturan Menteri Pendidikan Nasional Republik Indonesia Nomor 28 Tahun 2005 Tentang Badan Akreditasi Nasional Perguruan Tinggi', 5),
(170, 'Peraturan Menteri Pendidikan Nasional Republik Indonesia Nomor 59 Tahun 2008 Tentang Pengesahan Fotokopi Ijazah / Surat Tanda Tamat Belajar, Surat Keterangan Pengganti yang Berpenghargaan Sama Dengan Ijazah / Surat Tanda Tamat Belajar dan Penerbitan Surat Keterangan Pengganti yang Berpenghargaan Sama Dengan Ijazah / Surat Tanda Tamat Belajar', 5),
(171, 'Peraturan Menteri Pendidikan Nasional Republik Indonesia Nomor 20 Tahun 2008 Tentang Penetapan Yang Melewati Pangkat Dosen Bukan Pegawai Negeri Sipil Yang Telah Menduduki Jabatan Akademik Pada Perguruan Tinggi Yang Diselenggarakan Oleh Masyarakat Dengan Pangkat Pegawai Negeri Sipil', 5),
(172, 'Peraturan Menteri Pendidikan Nasional Republik Indonesia Nomor 25 Tahun 2007 Tentang Persyaratan dan Proyek Bagi Warga Negara Sebagai Salah Satu Perguruan Tinggi Di Indonesia', 5),
(173, 'Peraturan Menteri Pendidikan Nasional Republik Indonesia Nomor 28 Tahun 2005 Tentang Badan Akreditasi Nasional Perguruan Tinggi', 5),
(174, 'Keputusan Menteri Pendidikan, Kebudayaan, Riset dan Teknologi Republik Indonesia Nomor 210/M/2023 Tentang Indikator Kinerja Utama Perguruan Tinggi dan Lembaga Layanan Pendidikan Tinggi di Kementerian Pendidikan, kebudayaan, Riset, dan Teknologi', 9),
(175, 'Keputusan Menteri Pendidikan, Kebudayaan, Riset dan Teknologi Republik Indonesia Nomor 133/M/2023 Tentang Petunjuk Teknis Data Pendidikan, Data Penelitian, dan Data Pengabdian Kepada Masyarakat pada Pendidikan Tinggi', 9),
(176, 'Keputusan Menteri Pendidikan, Kebudayaan, Riset, dan Teknologi Republik Indonesia Nomor 412/O/2022 Tentang Rincian Tugas Lembaga Layanan Pendidikan Tinggi', 9),
(177, 'Keputusan Menteri Pendidikan Dan Kebudayaan Republik Indonesia Nomor 186/M/2021 Tentang Program Studi Yang Diakreditasi Oleh Lembaga Akreditasi Mandiri', 9),
(178, 'Keputusan Menteri Pendidikan Dan Kebudayaan Republik Indonesia Nomor 74/P/2021 Tentang Pengakuan Satuan Kredit Semester Pembelajaran Program Kampus Merdeka', 9),
(179, 'Keputusan Menteri Pendidikan Dan Kebudayaan Republik Indonesia Nomor 83/P/2020 Tentang Lembaga Akreditasi Internasional ', 9),
(180, 'Keputusan Menteri Riset, Teknologi, Dan Pendidikan Tinggi Republik Indonesia Nomor 164/M/KPT/2019 Tentang Penyebutan Jabatan Akademik Dosen Dalam Bahasa Inggris', 9),
(181, 'Keputusan Menteri Riset, Teknologi, Dan Pendidikan Tinggi Republik Indonesia Nomor 57/M/Kpt/2019 Tentang Nama Program Studi Pada Perguruan Tinggi', 9),
(182, 'Keputusan Menteri Riset, Teknologi, dan Pendidikan Tinggi Republik Indonesia Nomor 257 / M / KPT / 2017 Tentang Nama Program Studi Pada Perguruan Tinggi', 9),
(183, 'Lampiran Keputusan Menteri Riset, Teknologi, dan Pendidikan Tinggi Republik Indonesia Nomor 257 / M / KPT / 2017 Tentang Nama Program Studi Pada Perguruan Tinggi Program Studi Spesialis', 6),
(184, 'Lampiran Keputusan Menteri Riset, Teknologi, dan Pendidikan Tinggi Republik Indonesia Nomor 257 / M / KPT / 2017 Tentang Nama Program Studi Pada Perguruan Tinggi Program Studi Diploma I dan Diploma I', 6),
(185, 'Lampiran Keputusan Menteri Riset, Teknologi, dan Pendidikan Tinggi Republik Indonesia Nomor 257 / M / KPT / 2017 Tentang Nama Program Studi Pada Perguruan Tinggi Program Studi Diploma IV', 6),
(186, 'Lampiran Keputusan Menteri Riset, Teknologi, dan Pendidikan Tinggi Republik Indonesia Nomor 257 / M / KPT / 2017 Tentang Nama Program Studi Pada Perguruan Tinggi Program Studi Akademik', 6),
(187, 'Lampiran Keputusan Menteri Riset, Teknologi, dan Pendidikan Tinggi Republik Indonesia Nomor 257 / M / KPT / 2017 Tentang Nama Program Studi Pada Perguruan Tinggi Program Studi Profesi', 6),
(188, 'Keputusan Menteri Riset, Teknologi, dan Pendidikan Tinggi Republik Indonesia Nomor 192 / M / KPT / 2017 Tentang Perguruan Tinggi Penyelenggara Sertifikasi Bagi Guru Dalam Jabatan Melalui Pendidikan dan Latihan Profesi Guru', 9),
(189, 'Keputusan Menteri Riset, Teknologi, Dan Pendidikan Tinggi Republik Indonesia Nomor 113/M/KPT/2017 Tentang Perguruan Tinggi Penyelenggara Program Percepatan Pendidikan Tenaga Kesehatan Melalui Rekognisi Pembelajaran Lampau', 9),
(190, 'Keputusan Menteri Riset, Teknologi, Dan Pendidikan Tinggi Republik Indonesia Nomor 181/M/KPT/2018 Tentang Perubahan Atas Keputusan Menteri Riset, Teknologi, Dan Pendidikan Tinggi Republik Indonesia Nomor 113/M/KPT/2017 Tentang Perguruan Tinggi Penyelenggara Program Percepatan Pendidikan Tenaga Kesehatan Melalui Rekognisi Pembelajaran Lampau', 9),
(191, 'Keputusan Menteri Riset, Teknologi, dan Pendidikan Tinggi Republik Indonesia Nomor 144 / M / Kp / IV / 2015 Tentang Perubahan Nama Domain Kementerian Riset dan Teknologi', 9),
(192, 'Keputusan Menteri Pendidikan Nasional Republik Indonesia Nomor 045 / U / 2002 Tentang Kurikulum Inti Pendidikan Tinggi', 9),
(193, 'Keputusan Menteri Pendidikan Nasional Republik Indonesia Nomor 004 / U / 2002 Program Akreditasi Studi Pada Perguruan Tinggi', 9),
(194, 'Keputusan Menteri Pendidikan Nasional Republik Indonesia Nomor 184 / U / 2001 Tentang Pedoman Pengawasan – Program Pengendalian dan Pembinaan Diploma, Sarjana dan Pascasarjana di Perguruan Tinggi', 9),
(195, 'Keputusan Menteri Pendidikan Nasional Republik Indonesia Nomor 178 / U / 2001 Tentang Gelar dan Lulusan Perguruan Tinggi', 9),
(196, 'Keputusan Menteri Pendidikan Nasional Republik Indonesia Nomor 36 / D / O / 2001 Tentang Petunjuk Pelaksanaan Penilaian Angka Kredit Jabatan Dosen', 9),
(197, 'Keputusan Menteri Pendidikan Nasional Republik Indonesia Nomor 232 / U / 2000 Tentang Pedoman Penyusunan Kurikulum Pendidikan Tinggi dan Penilaian Hasil Belajar Mahasiswa', 9),
(198, 'Keputusan Menteri Pendidikan Nasional Republik Indonesia Nomor 234 / U / 2000 Tentang Pedoman Pendirian Perguruan Tinggi', 9),
(199, 'Keputusan Menteri Pendidikan dan Kebudayaan Republik Indonesia Nomor 223 / U / 1998 Tentang Kerjasam Antar Perguruan Tinggi', 9),
(200, 'Keputusan Menteri Pendidikan, Kebudayaan, Riset, Dan Teknologi Republik Indonesia Nomor 235/M/2024 Tentang Persyaratan Dan Kriteria Lembaga Akreditasi Internasional', 9),
(201, 'Keputusan Menteri Pendidikan, Kebudayaan, Riset, Dan Teknologi Republik Indonesia Nomor 236/O/2024 Tentang Lembaga Akreditasi Internasional', 9),
(202, 'Lampiran Peraturan Badan Akreditasi Nasional Perguruan Tinggi Nomor 5 Tahun 2024 Tentang Instrumen Pemantauan Dan Evaluasi Mutu Perguruan Tinggi Untuk Perpanjangan Status Terakreditasi Melalui Mekanisme Automasi   ', 6),
(203, 'Peraturan Badan Akreditasi Nasional Perguruan Tinggi  Nomor 5 Tahun 2024 Tentang Instrumen Pemantauan Dan Evaluasi Mutu Perguruan Tinggi Untuk Perpanjangan  Status Terakreditasi Melalui Mekanisme Automasi ', 10),
(204, 'Peraturan Badan Akreditasi Nasional Perguruan Tinggi Nomor 16 Tahun 2023 Tentang  Implementasi Mekasisme Automasi Pada Akreditasi Program Studi ', 10),
(205, 'Peraturan Badan Akreditasi Nasional Perguruan Tinggi Nomor 5 Tahun 2023 Tentang Perubahan Atas Peraturan Badan Akreditasi Nasional Perguruan Tinggi Nomor 5 Tahun 2019 Tentang Instrumen Akreditasi Program Studi', 10),
(206, 'Peraturan Badan Akreditasi Nasional Perguruan Tinggi Nomor 19 Tahun 2022 Tentang Cakupan Akreditasi Program Studi Pada Lembaga Akreditasi Mandiri', 10),
(207, 'Lampiran Peraturan Badan Akreditasi Nasional Perguruan Tinggi Nomor 19 Tahun 2022 Tentang Cakupan Akreditasi Program Studi Pada Lembaga Akreditasi Mandiri – Daftar Program Studi yang Diakreditasi oleh LAM Program Studi Keteknikan', 6),
(208, 'Lampiran Peraturan Badan Akreditasi Nasional Perguruan Tinggi Nomor 19 Tahun 2022 Tentang Cakupan Akreditasi Program Studi Pada Lembaga Akreditasi Mandiri – Daftar Program Studi yang Diakreditasi oleh LAM Sains Alam dan Ilmu Formal', 6),
(209, 'Lampiran Peraturan Badan Akreditasi Nasional Perguruan Tinggi Nomor 19 Tahun 2022 Tentang Cakupan Akreditasi Program Studi Pada Lembaga Akreditasi Mandiri – Daftar Program Studi yang Diakreditasi oleh LAM Pendidikan Tinggi Kesehatan', 6),
(210, 'Lampiran Peraturan Badan Akreditasi Nasional Perguruan Tinggi Nomor 19 Tahun 2022 Tentang Cakupan Akreditasi Program Studi Pada Lembaga Akreditasi Mandiri – Daftar Program Studi yang Diakreditasi oleh LAM Ekonomi, Manajemen, Bisnis, dan Akuntansi', 6),
(211, 'Lampiran Peraturan Badan Akreditasi Nasional Perguruan Tinggi Nomor 19 Tahun 2022 Tentang Cakupan Akreditasi Program Studi Pada Lembaga Akreditasi Mandiri – Daftar Program Studi yang Diakreditasi oleh LAM Kependidikan', 6),
(212, 'Lampiran Peraturan Badan Akreditasi Nasional Perguruan Tinggi Nomor 19 Tahun 2022 Tentang Cakupan Akreditasi Program Studi Pada Lembaga Akreditasi Mandiri – Daftar Program Studi yang Diakreditasi oleh LAM Informatika dan Komputer', 6),
(213, 'Lampiran Peraturan Badan Akreditasi Nasional Perguruan Tinggi Nomor 19 Tahun 2022 Tentang Cakupan Akreditasi Program Studi Pada Lembaga Akreditasi Mandiri – Daftar Program Studi yang Termasuk pada Lebih dari 1 (satu) LAM', 6),
(214, 'Peraturan Badan Akreditasi Nasional Perguruan Tinggi Nomor 5 Tahun 2020 Tanggal 28 Mei 2020 Tentang Perubahan Atas Peraturan Badan Akreditasi Nasional Perguruan Tinggi Nomor 1 Tahun 2020 Tentang Mekanisme Akreditasi Untuk Akreditasi Yang Dilakukan Oleh Badan Akreditasi Nasional Perguruan Tinggi', 10),
(215, 'Peraturan Badan Akreditasi Nasional Perguruan Tinggi Nomor 1 Tahun 2020 Tentang Mekanisme Akreditasi Untuk Akreditasi Yang Dilakukan Oleh Badan Akreditasi Nasional Perguruan Tinggi', 10),
(216, 'Peraturan Badan Akreditasi Nasional Perguruan Tinggi Nomor 6 Tahun 2019 Tentang Penyelesaian Keterlambatan Proses Akreditasi Pada Badan Akreditasi Nasional Perguruan Tinggi ', 10),
(217, 'Peraturan Badan Akreditasi Nasional Perguruan Tinggi Nomor 4 Tahun 2017 Tentang Kebijakan Penyusunan Instrumen Akreditasi', 10),
(218, 'Peraturan Badan Akreditasi Nasional Perguruan Tinggi Nomor 2 Tahun 2017 Tentang Sistem Akreditasi Nasional Pendidikan Tinggi', 10),
(219, 'Peraturan Sekretaris Jenderal Nomor 13 Tahun 2023 Tentang Petunjuk Pelaksanaan Program Indonesia Pintar Pendidikan Tinggi', 12),
(220, 'Keputusan Direktur Jenderal Pendidikan Vokasi Nomor 27/D/M/2022 Tanggal 14 Maret 2022 Tentang Daftar Nama Program Studi Jenis Pendidikan Tinggi Vokasi', 11),
(221, 'Keputusan Direktur Jenderal Pendidikan Tinggi, Riset, dan Teknologi Kementerian Pendidikan, Kebudayaan, Riset, dan Teknologi Nomor 162/E/KPT/2022 Tentang Petunjuk Teknis Rekognisi Pembelajaran Lampau Pada Perguruan Tinggi Yang Menyelenggarakan Pendidikan Akademik', 11),
(222, 'Keputusan Direktur Jenderal Pendidikan Tinggi, Riset, dan Teknologi Kementerian Pendidikan, Kebudayaan, Riset, dan Teknologi Nomor 163/E/KPT/2022 Tanggal 18 Juli 2022 tentang Nama Program Studi Pada Jenis Pendidikan Akademik dan Pendidikan Profesi', 11),
(223, 'Keputusan Direktur Jenderal Pendidikan Tinggi Nomor 84/E/KPT/2020 tanggal 19 Oktober 2020 tentang Pedoman Pelaksanaan Mata Kuliah Wajib Pada Kurikulum Pendidikan Tinggi', 11),
(224, 'Keputusan Direktur Jenderal Pembelajaran Dan Kemahasiswaan Kementerian Riset, Teknologi, Dan Pendidikan Tinggi Republik Indonesia Nomor 232/B/Hk/2019 Tentang Nama Program Studi Pada Perguruan Tinggi ', 11),
(225, 'Lampiran I Akademik Keputusan Direktur Jenderal Pembelajaran Dan Kemahasiswaan Kementerian Riset, Teknologi, Dan Pendidikan Tinggi Republik Indonesia Nomor 232/B/Hk/2019 Tentang Nama Program Studi Pada Perguruan Tinggi ', 6),
(226, 'Lampiran II Magister Terapan dan Doktor Terapan Keputusan Direktur Jenderal Pembelajaran Dan Kemahasiswaan Kementerian Riset, Teknologi, Dan Pendidikan Tinggi Republik Indonesia Nomor 232/B/Hk/2019 Tentang Nama Program Studi Pada Perguruan Tinggi', 6),
(227, 'Lampiran III Program Profesi Keputusan Direktur Jenderal Pembelajaran Dan Kemahasiswaan Kementerian Riset, Teknologi, Dan Pendidikan Tinggi Republik Indonesia Nomor 232/B/Hk/2019 Tentang Nama Program Studi Pada Perguruan Tinggi', 6),
(228, 'Lampiran IV Program Spesialis Keputusan Direktur Jenderal Pembelajaran Dan Kemahasiswaan Kementerian Riset, Teknologi, Dan Pendidikan Tinggi Republik Indonesia Nomor 232/B/Hk/2019 Tentang Nama Program Studi Pada Perguruan Tinggi', 6),
(229, 'Lampiran V Diploma Tiga dan Sarjana Terapan Keputusan Direktur Jenderal Pembelajaran Dan Kemahasiswaan Kementerian Riset, Teknologi, Dan Pendidikan Tinggi Republik Indonesia Nomor 232/B/Hk/2019 Tentang Nama Program Studi Pada Perguruan Tinggi', 6),
(230, 'Lampiran VI Diploma Satu dan Diploma Dua Keputusan Direktur Jenderal Pembelajaran Dan Kemahasiswaan Kementerian Riset, Teknologi, Dan Pendidikan Tinggi Republik Indonesia Nomor 232/B/Hk/2019 Tentang Nama Program Studi Pada Perguruan Tinggi', 6),
(231, 'Lampiran Keputusan Direktur Jenderal Pembelajaran dan Kemahasiswaan Kementerian Riset, Teknologi, dan Pendidikan Tinggi Republik Indonesia Nomor 47/B/HK/2019 Tentang Pedoman Pengusulan dan Penyesuaian Nama Program Studi  ', 6),
(232, 'Keputusan Direktur Jenderal Pembelajaran dan Kemahasiswaan Kementerian Riset, Teknologi, dan Pendidikan Tinggi Republik Indonesia Nomor 47/B/HK/2019 Tentang Pedoman Pengusulan dan Penyesuaian Nama Program Studi  ', 11),
(233, 'Keputusan Direktur Jenderal Pembelajaran dan Kemahasiswaan Kementerian Riset, Teknologi, dan Pendidikan Tinggi Republik Indonesia Nomor 46/B/HK/2019 Tentang Daftar Nama Program Studi Pada Perguruan Tinggi ', 11),
(234, 'Lampiran 1 Program Akademik Keputusan Direktur Jenderal Pembelajaran dan Kemahasiswaan Kementerian Riset, Teknologi, dan Pendidikan Tinggi Republik Indonesia Nomor 46/B/HK/2019 Tentang Daftar Nama Program Studi Pada Perguruan Tinggi ', 6),
(235, 'Lampiran 2 Program Magister Terapan dan Doktor Terapan Keputusan Direktur Jenderal Pembelajaran dan Kemahasiswaan Kementerian Riset, Teknologi, dan Pendidikan Tinggi Republik Indonesia Nomor 46/B/HK/2019 Tentang Daftar Nama Program Studi Pada Perguruan Tinggi ', 6),
(236, 'Lampiran 3 Program Profesi Keputusan Direktur Jenderal Pembelajaran dan Kemahasiswaan Kementerian Riset, Teknologi, dan Pendidikan Tinggi Republik Indonesia Nomor 46/B/HK/2019 Tentang Daftar Nama Program Studi Pada Perguruan Tinggi  ', 6),
(237, 'Lampiran 4 Program Spesialis Keputusan Direktur Jenderal Pembelajaran dan Kemahasiswaan Kementerian Riset, Teknologi, dan Pendidikan Tinggi Republik Indonesia Nomor 46/B/HK/2019 Tentang Daftar Nama Program Studi Pada Perguruan Tinggi  ', 6),
(238, 'Lampiran 5 Program Vokasi Diploma III dan Sarjana Terapan Keputusan Direktur Jenderal Pembelajaran dan Kemahasiswaan Kementerian Riset, Teknologi, dan Pendidikan Tinggi Republik Indonesia Nomor 46/B/HK/2019 Tentang Daftar Nama Program Studi Pada Perguruan Tinggi  ', 6),
(239, 'Lampiran 6 Vokasi Diploma I dan Diploma II Keputusan Direktur Jenderal Pembelajaran dan Kemahasiswaan Kementerian Riset, Teknologi, dan Pendidikan Tinggi Republik Indonesia Nomor 46/B/HK/2019 Tentang Daftar Nama Program Studi Pada Perguruan Tinggi  ', 6),
(240, 'Surat Keputusan Direktur Jenderal Pembelajaran dan Kemahasiswaan Kementerian Riset, Teknologi, dan Pendidikan Tinggi Republik Indonesia Nomor 302 / B / SK / 2017 Tentang Prosedur Perubahan Data Mahasiswa ', 13),
(241, 'Surat Keputusan Direktur Jenderal Pembelajaran dan Kemahasiswaan Kementerian Riset, Teknologi, dan Pendidikan Tinggi Republik Indonesia Nomor 123 / B / SK / 2017 Tentang Pedoman Tata Cara Penyelenggaraan Rekognisi Pembelajaran Lampau', 13),
(242, 'Lampiran Surat Keputusan Direktur Jenderal Pembelajaran dan Kemahasiswaan Kementerian Riset, Teknologi, dan Pendidikan Tinggi Republik Indonesia Nomor 123 / B / SK / 2017 Tentang Pedoman Tata Cara Penyelenggaraan Rekognisi Pembelajaran Lampau', 14),
(243, 'Surat Keputusan Direktur Jenderal Pendidikan Tinggi Nomor: 25 / DIKTI / Kep / 2014 Tanggal 30 Juni 2015 Tentang Panduan Umum Pengenlan Kehidupan Kampus Untuk Mahasiswa Baru ', 13),
(244, 'Surat Keputusan Direktur Jenderal Pendidikan Tinggi Nomor: 163 / DIKTI / KEP / 2007 tentang Penataan dan Kodifikasi Program Studi di Perguruan Tinggi', 13),
(245, 'Surat Keputusan Direktur Jenderal Pendidikan Tinggi No: 34 / DIKTI / Kep / 2002 Tentang Perubahan dan Peraturan Direktur Jenderal Pendidikan Tinggi No: 08 / DIKTI / Kep / 2002 Tentang Penggunaan Teknis Keputusan Menteri Pendidikan Nasional No: 184 / U / 2001 Tentang Pedoman Pengawasan – Pengendalian dan Pembinaan Program Diploma, Sarjana dan Pascasarjana di Perguruan Tinggi', 13),
(246, 'Surat Keputusan Direktur Jenderal Pendidikan Tinggi No: 08 / DIKTI / Kep / 2002 Tentang Penutupan Keputusan Menteri Pendidikan Nasional Nomor 184 / U / 2001 Tentang Pedoman Pengendalian Program Pengembalian dan Pembimbing Diploma, Sarjana dan Pasca Sarjana di Perguruan Tinggi', 13),
(247, 'Surat Keputusan Direktur Jenderal Pendidikan Tinggi Nomor: Nomor: 108 / DIKTI / Kep / 2001 Tentang Pedoman Pembukaan Program Studi dan / atau berdasarkan Keputusan Menteri Pendidikan Nasional Nomor: 234 / U / 2000 Tentang Pendirian Perguruan Tinggi', 13),
(248, 'Surat Keputusan Sekretaris Jenderal Kemenristekdikti Nomor: 85 / A / KPT / 2018 Tentang Standar Pengelolaan Pangkalan Data Pendidikan Tinggi (PDDIKTI) ', 15),
(249, 'Peraturan Menteri Pendidikan, Kebudayaan, Riset dan Teknologi No.44 Tahun 2024 Tentang Profesi, Karier, dan Penghasilan Dosen', 5),
(250, 'Peraturan Menteri Pendidikan, Kebudayaan, Riset dan Teknologi No.55 Tahun 2024 Tentang Pencegahan dan Penangangan Kekerasan', 5);

-- --------------------------------------------------------

--
-- Table structure for table `teknisi`
--

CREATE TABLE `teknisi` (
  `id_teknisi` varchar(5) NOT NULL,
  `nik` varchar(7) NOT NULL,
  `id_kategori` int(11) NOT NULL
) ENGINE=InnoDB DEFAULT CHARSET=latin1 COLLATE=latin1_swedish_ci;

-- --------------------------------------------------------

--
-- Table structure for table `ticket`
--

CREATE TABLE `ticket` (
  `id_ticket` varchar(13) NOT NULL,
  `tanggal` timestamp NOT NULL DEFAULT current_timestamp(),
  `deadline` datetime NOT NULL,
  `last_update` datetime NOT NULL,
  `tanggal_proses` datetime NOT NULL,
  `tanggal_solved` datetime NOT NULL,
  `reported` varchar(7) NOT NULL,
  `id_sub_kategori` int(11) NOT NULL,
  `problem_summary` varchar(50) NOT NULL,
  `problem_detail` text NOT NULL,
  `teknisi` varchar(7) NOT NULL,
  `status` int(11) NOT NULL,
  `progress` decimal(10,0) NOT NULL,
  `filefoto` text NOT NULL,
  `id_lokasi` int(11) NOT NULL,
  `id_kondisi` int(11) NOT NULL
) ENGINE=InnoDB DEFAULT CHARSET=latin1 COLLATE=latin1_swedish_ci;

--
-- Dumping data for table `ticket`
--

INSERT INTO `ticket` (`id_ticket`, `tanggal`, `deadline`, `last_update`, `tanggal_proses`, `tanggal_solved`, `reported`, `id_sub_kategori`, `problem_summary`, `problem_detail`, `teknisi`, `status`, `progress`, `filefoto`, `id_lokasi`, `id_kondisi`) VALUES
('T202410080001', '2024-10-08 07:40:06', '2024-11-07 14:40:06', '2024-10-08 14:48:54', '2024-10-08 14:44:17', '0000-00-00 00:00:00', 'budi', 3, 'Pendidikan Tinggi', '- berisi standar-standar pendidikan', '170308', 4, 50, 'Undang-Undang_Nomor_12_Tahun_2012_Tentang_Pendidikan_Tinggi.PDF', 11, 7),
('T202410080002', '2024-10-08 07:46:26', '2024-11-07 14:46:26', '2024-10-08 14:46:57', '0000-00-00 00:00:00', '0000-00-00 00:00:00', 'budi', 3, 'Pendidikan Tinggi', '- standar pendidikan', '170308', 3, 0, 'Undang-Undang_Nomor_12_Tahun_2012_Tentang_Pendidikan_Tinggi1.PDF', 11, 7),
('T202410220003', '2024-10-22 06:51:43', '0000-00-00 00:00:00', '2024-10-22 13:51:43', '0000-00-00 00:00:00', '0000-00-00 00:00:00', 'budi', 250, 'Pencegahan dan Penanganan Kekerasan', '6 Jenis Kekerasan', '', 1, 0, 'Salinan_Permendikbudristek_Nomor_55_Tahun_2024_-_PPKPT.pdf', 11, 0),
('T202410220004', '2024-10-22 06:54:58', '0000-00-00 00:00:00', '2024-10-22 13:54:58', '0000-00-00 00:00:00', '0000-00-00 00:00:00', 'budi', 249, 'Profesi Dosen', 'Karir Dosen\r\nPengangkatan Dosen\r\nTunjangan Dosen', '', 1, 0, 'salinan_Salinan_Permendikbudristek_No_44_Tahun_2024_ttg_Profesi_Karier_dan_Penghasilan_Dosen.pdf', 11, 0);

-- --------------------------------------------------------

--
-- Table structure for table `tracking`
--

CREATE TABLE `tracking` (
  `id_tracking` bigint(11) UNSIGNED NOT NULL,
  `id_ticket` varchar(13) NOT NULL,
  `tanggal` datetime NOT NULL,
  `status` text NOT NULL,
  `deskripsi` text NOT NULL,
  `id_user` varchar(7) NOT NULL,
  `filefoto` text NOT NULL
) ENGINE=InnoDB DEFAULT CHARSET=latin1 COLLATE=latin1_swedish_ci;

--
-- Dumping data for table `tracking`
--

INSERT INTO `tracking` (`id_tracking`, `id_ticket`, `tanggal`, `status`, `deskripsi`, `id_user`, `filefoto`) VALUES
(143, 'T202410080001', '2024-10-08 14:40:06', 'Comply Submited. Category: ()', '- berisi standar-standar pendidikan', 'budi', ''),
(144, 'T202410080001', '2024-10-08 14:42:04', 'Ticket Received', 'Priority of the ticket is set to DIPERHATIKAN and assigned to technician.', 'gatot', ''),
(145, 'T202410080001', '2024-10-08 14:44:17', 'On Process', '', '170308', ''),
(146, 'T202410080002', '2024-10-08 14:46:26', 'Comply Submited. Category: ()', '- standar pendidikan', 'budi', ''),
(147, 'T202410080002', '2024-10-08 14:46:57', 'Ticket Received', 'Priority of the ticket is set to DIPERHATIKAN and assigned to technician.', 'gatot', ''),
(148, 'T202410080001', '2024-10-08 14:48:54', 'Progress: 50 %', 'Sudah', '170308', ''),
(149, 'T202410220003', '2024-10-22 13:51:43', 'Comply Submited. Category: ()', '6 Jenis Kekerasan', 'budi', ''),
(150, 'T202410220004', '2024-10-22 13:54:58', 'Comply Submited. Category: ()', 'Karir Dosen\r\nPengangkatan Dosen\r\nTunjangan Dosen', 'budi', '');

--
-- Indexes for dumped tables
--

--
-- Indexes for table `bagian_departemen`
--
ALTER TABLE `bagian_departemen`
  ADD PRIMARY KEY (`id_bagian_dept`),
  ADD KEY `fk_id_dept` (`id_dept`);

--
-- Indexes for table `departemen`
--
ALTER TABLE `departemen`
  ADD PRIMARY KEY (`id_dept`);

--
-- Indexes for table `informasi`
--
ALTER TABLE `informasi`
  ADD PRIMARY KEY (`id_informasi`);

--
-- Indexes for table `jabatan`
--
ALTER TABLE `jabatan`
  ADD PRIMARY KEY (`id_jabatan`);

--
-- Indexes for table `karyawan`
--
ALTER TABLE `karyawan`
  ADD PRIMARY KEY (`nik`),
  ADD KEY `fk_id_bagian_dept` (`id_bagian_dept`),
  ADD KEY `fk_id_jabatan` (`id_jabatan`);

--
-- Indexes for table `kategori`
--
ALTER TABLE `kategori`
  ADD PRIMARY KEY (`id_kategori`);

--
-- Indexes for table `kondisi`
--
ALTER TABLE `kondisi`
  ADD PRIMARY KEY (`id_kondisi`);

--
-- Indexes for table `lokasi`
--
ALTER TABLE `lokasi`
  ADD PRIMARY KEY (`id_lokasi`);

--
-- Indexes for table `sub_kategori`
--
ALTER TABLE `sub_kategori`
  ADD PRIMARY KEY (`id_sub_kategori`),
  ADD KEY `fk_id_kategori` (`id_kategori`);

--
-- Indexes for table `teknisi`
--
ALTER TABLE `teknisi`
  ADD PRIMARY KEY (`id_teknisi`);

--
-- Indexes for table `ticket`
--
ALTER TABLE `ticket`
  ADD PRIMARY KEY (`id_ticket`);

--
-- Indexes for table `tracking`
--
ALTER TABLE `tracking`
  ADD PRIMARY KEY (`id_tracking`),
  ADD KEY `fk_id_ticket` (`id_ticket`);

--
-- AUTO_INCREMENT for dumped tables
--

--
-- AUTO_INCREMENT for table `bagian_departemen`
--
ALTER TABLE `bagian_departemen`
  MODIFY `id_bagian_dept` int(11) NOT NULL AUTO_INCREMENT, AUTO_INCREMENT=62;

--
-- AUTO_INCREMENT for table `departemen`
--
ALTER TABLE `departemen`
  MODIFY `id_dept` int(11) NOT NULL AUTO_INCREMENT, AUTO_INCREMENT=20;

--
-- AUTO_INCREMENT for table `informasi`
--
ALTER TABLE `informasi`
  MODIFY `id_informasi` int(11) NOT NULL AUTO_INCREMENT, AUTO_INCREMENT=6;

--
-- AUTO_INCREMENT for table `jabatan`
--
ALTER TABLE `jabatan`
  MODIFY `id_jabatan` int(11) NOT NULL AUTO_INCREMENT, AUTO_INCREMENT=133;

--
-- AUTO_INCREMENT for table `kategori`
--
ALTER TABLE `kategori`
  MODIFY `id_kategori` int(11) NOT NULL AUTO_INCREMENT, AUTO_INCREMENT=16;

--
-- AUTO_INCREMENT for table `kondisi`
--
ALTER TABLE `kondisi`
  MODIFY `id_kondisi` int(11) NOT NULL AUTO_INCREMENT, AUTO_INCREMENT=8;

--
-- AUTO_INCREMENT for table `lokasi`
--
ALTER TABLE `lokasi`
  MODIFY `id_lokasi` int(11) NOT NULL AUTO_INCREMENT, AUTO_INCREMENT=12;

--
-- AUTO_INCREMENT for table `sub_kategori`
--
ALTER TABLE `sub_kategori`
  MODIFY `id_sub_kategori` int(11) NOT NULL AUTO_INCREMENT, AUTO_INCREMENT=251;

--
-- AUTO_INCREMENT for table `tracking`
--
ALTER TABLE `tracking`
  MODIFY `id_tracking` bigint(11) UNSIGNED NOT NULL AUTO_INCREMENT, AUTO_INCREMENT=151;

--
-- Constraints for dumped tables
--

--
-- Constraints for table `bagian_departemen`
--
ALTER TABLE `bagian_departemen`
  ADD CONSTRAINT `fk_id_dept` FOREIGN KEY (`id_dept`) REFERENCES `departemen` (`id_dept`) ON DELETE CASCADE ON UPDATE CASCADE;

--
-- Constraints for table `karyawan`
--
ALTER TABLE `karyawan`
  ADD CONSTRAINT `fk_id_bagian_dept` FOREIGN KEY (`id_bagian_dept`) REFERENCES `bagian_departemen` (`id_bagian_dept`) ON DELETE CASCADE ON UPDATE CASCADE,
  ADD CONSTRAINT `fk_id_jabatan` FOREIGN KEY (`id_jabatan`) REFERENCES `jabatan` (`id_jabatan`) ON DELETE CASCADE ON UPDATE CASCADE;

--
-- Constraints for table `sub_kategori`
--
ALTER TABLE `sub_kategori`
  ADD CONSTRAINT `fk_id_kategori` FOREIGN KEY (`id_kategori`) REFERENCES `kategori` (`id_kategori`) ON DELETE CASCADE ON UPDATE CASCADE;

--
-- Constraints for table `tracking`
--
ALTER TABLE `tracking`
  ADD CONSTRAINT `fk_id_ticket` FOREIGN KEY (`id_ticket`) REFERENCES `ticket` (`id_ticket`) ON DELETE CASCADE ON UPDATE CASCADE;
COMMIT;

