-- https://www.phpmyadmin.net/
--

START TRANSACTION;



--
-- Database: `gasd3326_repo`
--

-- --------------------------------------------------------

--
-- Table structure for table `afm_driveactivitylogs`
--

CREATE TABLE `afm_driveactivitylogs` (
  `id` int(11) NOT NULL,
  `description` longtext DEFAULT NULL,
  `userID` int(20) DEFAULT NULL,
  `date` datetime DEFAULT NULL
) ENGINE=InnoDB DEFAULT CHARSET=latin1 COLLATE=latin1_swedish_ci;

--
-- Dumping data for table `afm_driveactivitylogs`
--

INSERT INTO `afm_driveactivitylogs` (`id`, `description`, `userID`, `date`) VALUES
(1, 'Successfully logged in.', 1, '2023-06-27 11:12:46'),
(2, 'Successfully logged in.', 1, '2023-06-27 11:13:32'),
(3, 'Successfully logged in.', 1, '2023-06-27 11:15:34'),
(4, 'Successfully logged in.', 1, '2023-06-27 11:22:20'),
(5, 'Successfully logged in.', 1, '2023-06-27 11:26:23'),
(6, 'Error during login. Wrong password.', 1, '2023-06-27 11:36:35'),
(7, 'Successfully logged in.', 1, '2023-06-27 11:36:43'),
(8, 'Successfully logged in.', 1, '2023-06-27 12:57:02'),
(9, 'Successfully logged in.', 1, '2023-06-27 13:11:56'),
(10, 'Successfully logged in.', 1, '2023-06-27 13:32:49'),
(11, 'Successfully logged in.', 1, '2023-06-27 13:45:41'),
(12, 'Successfully logged in.', 1, '2023-06-27 13:49:31'),
(13, 'Successfully logged in.', 1, '2023-06-27 14:02:15'),
(14, 'Successfully logged in.', 1, '2023-06-27 14:46:59'),
(15, 'Added new folder pendidikan', 1, '2023-06-27 14:47:24'),
(16, 'Successfully logged in.', 1, '2023-06-27 14:50:13'),
(17, 'Successfully logged in.', 1, '2023-06-27 14:52:57'),
(18, 'Successfully logged in.', 1, '2023-06-27 14:53:22'),
(19, 'Added new user tepe', 1, '2023-06-27 14:54:39'),
(20, 'Successfully logged in.', 2, '2023-06-27 14:54:48'),
(21, 'Successfully logged in.', 2, '2023-06-27 14:56:04'),
(22, 'Successfully logged in.', 1, '2023-06-27 14:56:13'),
(23, 'Successfully logged in.', 1, '2023-06-27 14:56:36'),
(24, 'Successfully logged in.', 2, '2023-06-27 14:56:43'),
(25, 'Successfully logged in.', 1, '2023-06-27 14:58:02'),
(26, 'Added new user pranoto', 1, '2023-06-27 14:58:50'),
(27, 'Successfully logged in.', 4, '2023-06-27 15:04:36'),
(28, 'Successfully logged in.', 1, '2023-06-27 15:04:58'),
(29, 'Successfully logged in.', 1, '2023-06-27 16:12:56'),
(30, 'Added new folder penelitian', 1, '2023-06-27 16:14:00'),
(31, 'Added new folder pengabdian', 1, '2023-06-27 16:14:09'),
(32, 'Added new folder penunjang', 1, '2023-06-27 16:14:33'),
(33, 'Successfully logged in.', 2, '2023-06-27 16:18:16'),
(34, 'Successfully logged in.', 2, '2023-06-30 07:12:28'),
(35, 'Successfully logged in.', 1, '2023-06-30 07:22:57'),
(36, 'Successfully logged in.', 1, '2023-06-30 07:23:32'),
(37, 'Successfully logged in.', 1, '2023-06-30 07:28:57'),
(38, 'Successfully logged in.', 2, '2023-06-30 07:29:15'),
(39, 'Successfully logged in.', 1, '2023-06-30 07:29:48'),
(40, 'Added new extension PPT', 1, '2023-06-30 07:30:00'),
(41, 'Added new extension PPTX', 1, '2023-06-30 07:30:08'),
(42, 'Successfully logged in.', 2, '2023-06-30 07:30:14'),
(43, 'Successfully logged in.', 1, '2023-06-30 07:31:04'),
(44, 'Successfully logged in.', 2, '2023-06-30 07:31:49'),
(45, 'Successfully logged in.', 2, '2023-06-30 07:41:28'),
(46, 'Successfully logged in.', 1, '2023-06-30 07:41:48'),
(47, 'Successfully logged in.', 2, '2023-06-30 07:51:30'),
(48, 'Successfully logged in.', 1, '2023-06-30 08:06:25'),
(49, 'Successfully logged in.', 2, '2023-06-30 09:21:46'),
(50, 'Successfully logged in.', 1, '2023-06-30 09:23:22'),
(51, 'Added new extension DOCX', 1, '2023-06-30 09:23:37'),
(52, 'Successfully logged in.', 2, '2023-06-30 09:23:44'),
(53, 'Successfully logged in.', 1, '2023-06-30 09:31:39'),
(54, 'Successfully logged in.', 45, '2023-06-30 09:32:05'),
(55, 'Successfully logged in.', 1, '2023-06-30 09:34:01'),
(56, 'Updated info for user tepe', 1, '2023-06-30 09:34:41'),
(57, 'Successfully reset password.', 2, '2023-06-30 09:35:03'),
(58, 'Successfully reset password.', 2, '2023-06-30 09:35:29'),
(59, 'Successfully reset password.', 2, '2023-06-30 09:36:15'),
(60, 'Successfully logged in.', 1, '2023-06-30 09:36:19'),
(61, 'Successfully logged in.', 1, '2023-06-30 09:58:38'),
(62, 'Error during login. Wrong password.', 2, '2023-06-30 11:38:36'),
(63, 'Error during login. Wrong password.', 2, '2023-06-30 11:38:56'),
(64, 'Error during login. Wrong password.', 2, '2023-06-30 11:39:44'),
(65, 'Error during login. Wrong password.', 2, '2023-06-30 11:41:18'),
(66, 'Error during login. Wrong password.', 2, '2023-06-30 11:41:36'),
(67, 'Error during login. Wrong password.', 2, '2023-06-30 11:41:44'),
(68, 'Error during login. Wrong password.', 2, '2023-06-30 11:41:57'),
(69, 'Successfully logged in.', 3, '2023-06-30 11:42:15'),
(70, 'Successfully logged in.', 3, '2023-06-30 11:44:15'),
(71, 'Added message for file Visi Keilmuan Prodi_A3.jpg', 3, '2023-06-30 11:48:49'),
(72, 'Updated info for file Visi Keilmuan Prodi A3.jpg', 3, '2023-06-30 11:49:22'),
(73, 'Error during login. Wrong password.', 2, '2023-06-30 12:46:18'),
(74, 'Successfully logged in.', 3, '2023-06-30 12:46:38'),
(75, 'Successfully logged in.', 1, '2023-06-30 12:47:03'),
(76, 'Updated info for user tepe', 1, '2023-06-30 12:47:36'),
(77, 'Successfully logged in.', 2, '2023-06-30 12:47:56'),
(78, 'Successfully logged in.', 2, '2023-07-01 11:09:45'),
(79, 'Successfully logged in.', 3, '2023-07-01 11:09:59'),
(80, 'Successfully logged in.', 2, '2023-07-01 11:10:12'),
(81, 'Successfully logged in.', 83, '2023-07-04 10:50:53'),
(82, 'Added message for file Laporan SKPI Mahasiswa.pdf', 83, '2023-07-04 10:53:41'),
(83, 'Successfully logged in.', 1, '2023-07-04 10:54:29'),
(84, 'Successfully logged in.', 1, '2023-07-04 11:11:43'),
(85, 'Successfully logged in.', 81, '2023-07-04 15:48:26'),
(86, 'Successfully logged in.', 2, '2023-07-06 08:42:07'),
(87, 'Successfully logged in.', 1, '2023-07-07 10:45:23'),
(88, 'Added new file Kasus 2.xlsx via FTP Sync.', 1, '2023-07-07 10:46:23'),
(89, 'Added new file SKRIPSI ARIF FAISAL BAB 1.pdf via FTP Sync.', 1, '2023-07-07 10:46:23'),
(90, 'Added new file index.html via FTP Sync.', 1, '2023-07-07 10:46:23'),
(91, 'Successfully logged in.', 3, '2023-07-12 14:25:45'),
(92, 'Successfully logged in.', 1, '2023-09-21 20:54:21'),
(93, 'Successfully logged in.', 2, '2023-10-03 14:45:57'),
(94, 'Successfully logged in.', 1, '2024-04-18 09:38:22'),
(95, 'Added new folder gatot-tri-pranoto', 1, '2024-04-18 09:50:14'),
(96, 'Added new folder rudi', 1, '2024-04-18 09:50:38'),
(97, 'Successfully logged in.', 71, '2024-04-18 09:54:27'),
(98, 'Successfully logged in.', 1, '2024-04-18 09:54:55'),
(99, 'Updated info for user rudi@trilogi.ac.id', 1, '2024-04-18 09:55:20'),
(100, 'Successfully logged in.', 71, '2024-04-18 09:55:26'),
(101, 'Successfully logged in.', 1, '2024-04-18 09:56:06'),
(102, 'Updated info for user rudi@trilogi.ac.id', 1, '2024-04-18 09:56:22'),
(103, 'Successfully logged in.', 71, '2024-04-18 09:56:27'),
(104, 'Successfully logged in.', 1, '2024-04-18 10:14:36'),
(105, 'Successfully logged in.', 71, '2024-04-18 10:15:58'),
(106, 'Successfully logged in.', 1, '2024-04-18 10:16:16'),
(107, 'Added new folder rudi-setiawan', 1, '2024-04-18 10:16:55'),
(108, 'Added new folder penelitian', 1, '2024-04-18 10:17:14'),
(109, 'Added new folder pengabdian', 1, '2024-04-18 10:17:22'),
(110, 'Added new folder penunjang', 1, '2024-04-18 10:17:33'),
(111, 'Added new folder lain-lain', 1, '2024-04-18 10:17:44'),
(112, 'Updated info for user rudi@trilogi.ac.id', 1, '2024-04-18 10:18:05'),
(113, 'Successfully logged in.', 71, '2024-04-18 10:18:17'),
(114, 'Successfully logged in.', 1, '2024-04-18 10:19:11'),
(115, 'Successfully logged in.', 71, '2024-04-18 10:20:22'),
(116, 'Successfully logged in.', 1, '2024-04-18 10:21:08'),
(117, 'Successfully logged in.', 71, '2024-04-18 10:22:23'),
(118, 'Successfully logged in.', 1, '2024-04-18 10:23:01'),
(119, 'Successfully logged in.', 71, '2024-04-18 10:23:21'),
(120, 'Successfully logged in.', 1, '2024-04-18 10:25:08'),
(121, 'Updated info for user rudi@trilogi.ac.id', 1, '2024-04-18 10:26:01'),
(122, 'Successfully logged in.', 71, '2024-04-18 10:26:07'),
(123, 'Successfully logged in.', 1, '2024-04-18 10:26:21'),
(124, 'Successfully logged in.', 1, '2024-05-02 13:32:01');

-- --------------------------------------------------------

--
-- Table structure for table `afm_drivecategories`
--

CREATE TABLE `afm_drivecategories` (
  `id` int(11) NOT NULL,
  `title` varchar(255) DEFAULT NULL,
  `userID` int(20) DEFAULT NULL,
  `dateCreated` datetime DEFAULT NULL
) ENGINE=InnoDB DEFAULT CHARSET=latin1 COLLATE=latin1_swedish_ci;

-- --------------------------------------------------------

--
-- Table structure for table `afm_drivedownloads`
--

CREATE TABLE `afm_drivedownloads` (
  `id` int(11) NOT NULL,
  `idUser` int(11) DEFAULT NULL,
  `idFile` int(11) DEFAULT NULL,
  `date` datetime DEFAULT NULL,
  `size` decimal(10,2) DEFAULT NULL
) ENGINE=MyISAM DEFAULT CHARSET=utf8 COLLATE=utf8_general_ci;

--
-- Dumping data for table `afm_drivedownloads`
--

INSERT INTO `afm_drivedownloads` (`id`, `idUser`, `idFile`, `date`, `size`) VALUES
(1, 1, 67, '2023-06-27 03:02:00', 3692.04),
(2, 1, 0, '2023-06-27 03:48:00', 3765.14),
(3, 2, 943, '2023-06-27 03:57:00', 768.02),
(4, 2, 846301911, '2023-06-29 20:30:00', 211.50),
(5, 3, 1098, '2023-06-30 00:49:00', 235.84),
(6, 0, 0, '2023-07-03 23:52:00', 153.25),
(7, 0, 0, '2023-07-12 03:28:00', 307.38),
(8, 0, 53, '2024-04-17 22:58:00', 614.97);

-- --------------------------------------------------------

--
-- Table structure for table `afm_driveextensions`
--

CREATE TABLE `afm_driveextensions` (
  `id` int(11) NOT NULL,
  `dateCreated` datetime DEFAULT NULL,
  `name` varchar(255) NOT NULL
) ENGINE=InnoDB DEFAULT CHARSET=latin1 COLLATE=latin1_swedish_ci;

--
-- Dumping data for table `afm_driveextensions`
--

INSERT INTO `afm_driveextensions` (`id`, `dateCreated`, `name`) VALUES
(1, '2023-06-27 11:12:42', 'AVI'),
(2, '2023-06-27 11:12:42', 'BMP'),
(3, '2023-06-27 11:12:42', 'BSH'),
(4, '2023-06-27 11:12:42', 'C'),
(5, '2023-06-27 11:12:42', 'CC'),
(6, '2023-06-27 11:12:42', 'CPP'),
(7, '2023-06-27 11:12:42', 'CS'),
(8, '2023-06-27 11:12:42', 'CSH'),
(9, '2023-06-27 11:12:42', 'CSS'),
(10, '2023-06-27 11:12:42', 'CV'),
(11, '2023-06-27 11:12:42', 'CYC'),
(12, '2023-06-27 11:12:42', 'DOC'),
(13, '2023-06-27 11:12:42', 'GIF'),
(14, '2023-06-27 11:12:42', 'HTM'),
(15, '2023-06-27 11:12:42', 'HTML'),
(16, '2023-06-27 11:12:42', 'JAVA'),
(17, '2023-06-27 11:12:42', 'JPEG'),
(18, '2023-06-27 11:12:42', 'JPG'),
(19, '2023-06-27 11:12:42', 'JS'),
(20, '2023-06-27 11:12:42', 'M'),
(21, '2023-06-27 11:12:42', 'MOV'),
(22, '2023-06-27 11:12:42', 'MP3'),
(23, '2023-06-27 11:12:42', 'MP4'),
(24, '2023-06-27 11:12:42', 'MXML'),
(25, '2023-06-27 11:12:42', 'PDF'),
(26, '2023-06-27 11:12:42', 'PERL'),
(27, '2023-06-27 11:12:42', 'PHP'),
(28, '2023-06-27 11:12:42', 'PL'),
(29, '2023-06-27 11:12:42', 'PM'),
(30, '2023-06-27 11:12:42', 'PNG'),
(31, '2023-06-27 11:12:42', 'PY'),
(32, '2023-06-27 11:12:42', 'RAR'),
(33, '2023-06-27 11:12:42', 'RB'),
(34, '2023-06-27 11:12:42', 'SH'),
(35, '2023-06-27 11:12:42', 'SQL'),
(36, '2023-06-27 11:12:42', 'TXT'),
(37, '2023-06-27 11:12:42', 'VB'),
(38, '2023-06-27 11:12:42', 'WMA'),
(39, '2023-06-27 11:12:42', 'WMV'),
(40, '2023-06-27 11:12:42', 'XHTML'),
(41, '2023-06-27 11:12:42', 'XLS'),
(42, '2023-06-27 11:12:42', 'XLSX'),
(43, '2023-06-27 11:12:42', 'XML'),
(44, '2023-06-27 11:12:42', 'XSL'),
(45, '2023-06-27 11:12:42', 'ZIP'),
(46, '2023-06-30 07:30:00', 'PPT'),
(47, '2023-06-30 07:30:08', 'PPTX'),
(48, '2023-06-30 09:23:37', 'DOCX');

-- --------------------------------------------------------

--
-- Table structure for table `afm_drivefiles`
--

CREATE TABLE `afm_drivefiles` (
  `id` int(11) NOT NULL,
  `title` varchar(255) DEFAULT NULL,
  `path` varchar(255) DEFAULT NULL,
  `size` double DEFAULT NULL,
  `extension` varchar(20) DEFAULT NULL,
  `userID` int(20) DEFAULT NULL,
  `catID` int(20) DEFAULT NULL,
  `dateUploaded` datetime DEFAULT NULL
) ENGINE=InnoDB DEFAULT CHARSET=latin1 COLLATE=latin1_swedish_ci;

--
-- Dumping data for table `afm_drivefiles`
--

INSERT INTO `afm_drivefiles` (`id`, `title`, `path`, `size`, `extension`, `userID`, `catID`, `dateUploaded`) VALUES
(27, 'FORMULIR PENILAIAN KARYAWAN KONTRAK_Barir.pdf', '/FORMULIR PENILAIAN KARYAWAN KONTRAK_Barir.pdf', 629725, 'pdf', 71, 0, '2024-04-17 22:55:44');

-- --------------------------------------------------------

--
-- Table structure for table `afm_drivefolders`
--

CREATE TABLE `afm_drivefolders` (
  `id` int(11) NOT NULL,
  `dateCreated` datetime DEFAULT NULL,
  `parentID` int(20) NOT NULL DEFAULT 0,
  `name` varchar(255) NOT NULL
) ENGINE=InnoDB DEFAULT CHARSET=latin1 COLLATE=latin1_swedish_ci;

--
-- Dumping data for table `afm_drivefolders`
--

INSERT INTO `afm_drivefolders` (`id`, `dateCreated`, `parentID`, `name`) VALUES
(1, '2023-06-27 11:12:42', 0, 'lain-lain'),
(2, '2023-06-27 14:47:24', 0, 'pendidikan'),
(3, '2023-06-27 16:14:00', 0, 'penelitian'),
(4, '2023-06-27 16:14:09', 0, 'pengabdian'),
(5, '2023-06-27 16:14:33', 0, 'penunjang'),
(6, '2024-04-18 09:50:14', 1, 'gatot-tri-pranoto'),
(7, '2024-04-18 09:50:38', 1, 'rudi'),
(8, '2024-04-18 10:16:55', 0, 'rudi-setiawan'),
(9, '2024-04-18 10:17:14', 8, 'penelitian'),
(10, '2024-04-18 10:17:22', 8, 'pengabdian'),
(11, '2024-04-18 10:17:33', 8, 'penunjang'),
(12, '2024-04-18 10:17:44', 8, 'lain-lain');

-- --------------------------------------------------------

--
-- Table structure for table `afm_drivemessages`
--

CREATE TABLE `afm_drivemessages` (
  `id` int(11) NOT NULL,
  `fileID` int(20) NOT NULL,
  `dateCreated` datetime DEFAULT NULL,
  `name` varchar(255) NOT NULL,
  `email` varchar(255) NOT NULL,
  `text` longtext NOT NULL
) ENGINE=InnoDB DEFAULT CHARSET=latin1 COLLATE=latin1_swedish_ci;

-- --------------------------------------------------------

--
-- Table structure for table `afm_drivesettings`
--

CREATE TABLE `afm_drivesettings` (
  `id` int(11) NOT NULL,
  `notify_delete` int(20) DEFAULT 2,
  `notify_upload` int(20) DEFAULT 2,
  `notify_edit` int(20) DEFAULT 2,
  `notify_email` varchar(255) DEFAULT 'gatot.tp@gmail.com',
  `allow_registrations` tinyint(5) NOT NULL DEFAULT 2 COMMENT '1 - allow 2 - dont allow',
  `public_directory` tinyint(5) NOT NULL DEFAULT 2 COMMENT '1 - enabled 2 - disabled',
  `auto_approve` tinyint(5) NOT NULL DEFAULT 2 COMMENT '1 - auto 2 - manual',
  `require_login_download` tinyint(5) NOT NULL DEFAULT 2,
  `auto_create_user_folder` tinyint(5) NOT NULL DEFAULT 2,
  `extensions` varchar(255) DEFAULT '',
  `upload_dirs` varchar(255) DEFAULT '',
  `quota` int(11) DEFAULT 0,
  `filesize` int(11) DEFAULT 0,
  `email_from_name` varchar(200) DEFAULT 'gatot.tp@gmail.com',
  `email_from_email` varchar(200) DEFAULT 'gatot.tp@gmail.com',
  `smtp_protocol` enum('php_mail','sendmail','smtp') NOT NULL DEFAULT 'php_mail',
  `smtp_port` varchar(200) DEFAULT '',
  `smtp_password` varchar(200) DEFAULT '',
  `smtp_username` varchar(200) DEFAULT '',
  `smtp_server` varchar(200) DEFAULT '',
  `sendmail_path` varchar(200) DEFAULT ''
) ENGINE=InnoDB DEFAULT CHARSET=latin1 COLLATE=latin1_swedish_ci;

--
-- Dumping data for table `afm_drivesettings`
--

INSERT INTO `afm_drivesettings` (`id`, `notify_delete`, `notify_upload`, `notify_edit`, `notify_email`, `allow_registrations`, `public_directory`, `auto_approve`, `require_login_download`, `auto_create_user_folder`, `extensions`, `upload_dirs`, `quota`, `filesize`, `email_from_name`, `email_from_email`, `smtp_protocol`, `smtp_port`, `smtp_password`, `smtp_username`, `smtp_server`, `sendmail_path`) VALUES
(1, 2, 2, 2, 'admin@something.com', 2, 2, 2, 2, 2, '', '', 0, 0, 'gatot.tp@gmail.com', 'gatot.tp@gmail.com', 'php_mail', '', '', '', '', '');

-- --------------------------------------------------------

--
-- Table structure for table `afm_driveusers`
--

CREATE TABLE `afm_driveusers` (
  `id` int(11) NOT NULL,
  `dateCreated` datetime DEFAULT NULL,
  `username` varchar(255) DEFAULT NULL,
  `password` varchar(255) DEFAULT NULL,
  `email` varchar(255) DEFAULT NULL,
  `extensions` varchar(255) DEFAULT NULL,
  `quota` double DEFAULT NULL,
  `filesize` double DEFAULT NULL,
  `active` tinyint(5) DEFAULT 1,
  `last_login` datetime DEFAULT NULL,
  `accesslevel` varchar(255) DEFAULT NULL,
  `upload_dir` varchar(255) NOT NULL DEFAULT 'uploads',
  `upload_dirs` varchar(255) NOT NULL DEFAULT ''
) ENGINE=InnoDB DEFAULT CHARSET=latin1 COLLATE=latin1_swedish_ci;

--
-- Dumping data for table `afm_driveusers`
--

INSERT INTO `afm_driveusers` (`id`, `dateCreated`, `username`, `password`, `email`, `extensions`, `quota`, `filesize`, `active`, `last_login`, `accesslevel`, `upload_dir`, `upload_dirs`) VALUES
(1, '2023-06-27 11:12:42', 'gasa', '168b376020bce941f83d832fd259b1ba', 'gatot.tp@gmail.com', 'AVI,BMP,BSH,C,CC,CPP,CS,CSH,CSS,CV,CYC,DOC,DOCX,GIF,HTM,HTML,JAVA,JPEG,JPG,JS,M,MOV,MP3,MP4,MXML,PDF,PERL,PHP,PL,PM,PNG,PPT,PPTX,PY,RAR,RB,SH,SQL,TXT,VB,WMA,WMV,XHTML,XLS,XLSX,XML,XSL,ZIP', 10000, 10000, 1, '2024-05-02 13:32:01', 'abcdefghijklmnopqrstuvwxyz', 'uploads', '1,2,3,4,5'),
(2, '2023-06-27 03:54:39', 'tepe', 'e10adc3949ba59abbe56e057f20f883e', 'gatot.pranoto@trilogi.ac.id', 'AVI,BMP,BSH,C,CC,CPP,CS,CSH,CSS,CV,CYC,DOC,DOCX,GIF,HTM,HTML,JAVA,JPEG,JPG,JS,M,MOV,MP3,MP4,MXML,PDF,PERL,PHP,PL,PM,PNG,PPT,PPTX,PY,RAR,RB,SH,SQL,TXT,VB,WMA,WMV,XHTML,XLS,XLSX,XML,XSL,ZIP', 10000000, 10000000, 1, '2023-10-03 14:45:57', 'tghkm', 'uploads', '1,2,3,4,5'),
(3, '2023-06-27 03:58:50', 'pranoto', 'e10adc3949ba59abbe56e057f20f883e', 'pranoto@trilogi.ac.id', 'AVI,BMP,BSH,C,CC,CPP,CS,CSH,CSS,CV,CYC,DOC,DOCX,GIF,HTM,HTML,JAVA,JPEG,JPG,JS,M,MOV,MP3,MP4,MXML,PDF,PERL,PHP,PL,PM,PNG,PPT,PPTX,PY,RAR,RB,SH,SQL,TXT,VB,WMA,WMV,XHTML,XLS,XLSX,XML,XSL,ZIP', 10000000, 10000000, 1, '2023-07-12 14:25:45', 'tghkm', 'uploads', '2,1,3,4,5'),
(4, '2023-06-22 19:24:11', 'a_bastaman@trilogi.ac.id', 'e10adc3949ba59abbe56e057f20f883e', 'a_bastaman@trilogi.ac.id', 'AVI,BMP,BSH,C,CC,CPP,CS,CSH,CSS,CV,CYC,DOC,DOCX,DOCX,GIF,HTM,HTML,JAVA,JPEG,JPG,JS,M,MOV,MP3,MP4,MXML,PDF,PERL,PHP,PL,PM,PNG,PPT,PPTX,PPTX,PY,RAR,RB,SH,SQL,TXT,VB,WMA,WMV,XHTML,XLS,XLSX,XML,XSL,ZIP', 10000000, 10000000, 1, '2023-06-27 15:04:36', 'tghkm', 'uploads', '4,2,3,5,1,3,4,5'),
(5, '2023-06-22 19:24:11', 'abdulhakimsantoso1987@gmail.com', 'e10adc3949ba59abbe56e057f20f883e', 'abdulhakimsantoso1987@gmail.com', 'AVI,BMP,BSH,C,CC,CPP,CS,CSH,CSS,CV,CYC,DOC,DOCX,DOCX,GIF,HTM,HTML,JAVA,JPEG,JPG,JS,M,MOV,MP3,MP4,MXML,PDF,PERL,PHP,PL,PM,PNG,PPT,PPTX,PPTX,PY,RAR,RB,SH,SQL,TXT,VB,WMA,WMV,XHTML,XLS,XLSX,XML,XSL,ZIP', 10000000, 10000000, 1, '2023-06-22 19:24:11', 'tghkm', 'uploads', '4,2,3,5,1,3,4,5'),
(6, '2023-06-22 19:24:11', 'aharisrustaman@trilogi.ac.id', 'e10adc3949ba59abbe56e057f20f883e', 'aharisrustaman@trilogi.ac.id', 'AVI,BMP,BSH,C,CC,CPP,CS,CSH,CSS,CV,CYC,DOC,DOCX,DOCX,GIF,HTM,HTML,JAVA,JPEG,JPG,JS,M,MOV,MP3,MP4,MXML,PDF,PERL,PHP,PL,PM,PNG,PPT,PPTX,PPTX,PY,RAR,RB,SH,SQL,TXT,VB,WMA,WMV,XHTML,XLS,XLSX,XML,XSL,ZIP', 10000000, 10000000, 1, '2023-06-22 19:24:11', 'tghkm', 'uploads', '4,2,3,5,1,3,4,5'),
(7, '2023-06-22 19:24:11', 'adesyahputra@trilogi.ac.id', 'e10adc3949ba59abbe56e057f20f883e', 'adesyahputra@trilogi.ac.id', 'AVI,BMP,BSH,C,CC,CPP,CS,CSH,CSS,CV,CYC,DOC,DOCX,DOCX,GIF,HTM,HTML,JAVA,JPEG,JPG,JS,M,MOV,MP3,MP4,MXML,PDF,PERL,PHP,PL,PM,PNG,PPT,PPTX,PPTX,PY,RAR,RB,SH,SQL,TXT,VB,WMA,WMV,XHTML,XLS,XLSX,XML,XSL,ZIP', 10000000, 10000000, 1, '2023-06-22 19:24:11', 'tghkm', 'uploads', '4,2,3,5,1,3,4,5'),
(8, '2023-06-22 19:24:11', 'cahyo@trilogi.ac.id', 'e10adc3949ba59abbe56e057f20f883e', 'cahyo@trilogi.ac.id', 'AVI,BMP,BSH,C,CC,CPP,CS,CSH,CSS,CV,CYC,DOC,DOCX,DOCX,GIF,HTM,HTML,JAVA,JPEG,JPG,JS,M,MOV,MP3,MP4,MXML,PDF,PERL,PHP,PL,PM,PNG,PPT,PPTX,PPTX,PY,RAR,RB,SH,SQL,TXT,VB,WMA,WMV,XHTML,XLS,XLSX,XML,XSL,ZIP', 10000000, 10000000, 1, '2023-06-22 19:24:11', 'tghkm', 'uploads', '4,2,3,5,1,3,4,5'),
(9, '2023-06-22 19:24:11', 'arfauzi@trilogi.ac.id', 'e10adc3949ba59abbe56e057f20f883e', 'arfauzi@trilogi.ac.id', 'AVI,BMP,BSH,C,CC,CPP,CS,CSH,CSS,CV,CYC,DOC,DOCX,DOCX,GIF,HTM,HTML,JAVA,JPEG,JPG,JS,M,MOV,MP3,MP4,MXML,PDF,PERL,PHP,PL,PM,PNG,PPT,PPTX,PPTX,PY,RAR,RB,SH,SQL,TXT,VB,WMA,WMV,XHTML,XLS,XLSX,XML,XSL,ZIP', 10000000, 10000000, 1, '2023-06-22 19:24:11', 'tghkm', 'uploads', '4,2,3,5,1,3,4,5'),
(10, '2023-06-22 19:24:11', 'anieslastiati@trilogi.ac.id', 'e10adc3949ba59abbe56e057f20f883e', 'anieslastiati@trilogi.ac.id', 'AVI,BMP,BSH,C,CC,CPP,CS,CSH,CSS,CV,CYC,DOC,DOCX,DOCX,GIF,HTM,HTML,JAVA,JPEG,JPG,JS,M,MOV,MP3,MP4,MXML,PDF,PERL,PHP,PL,PM,PNG,PPT,PPTX,PPTX,PY,RAR,RB,SH,SQL,TXT,VB,WMA,WMV,XHTML,XLS,XLSX,XML,XSL,ZIP', 10000000, 10000000, 1, '2023-06-22 19:24:11', 'tghkm', 'uploads', '4,2,3,5,1,3,4,5'),
(11, '2023-06-22 19:24:11', 'bernandoardo@gmail.com', 'e10adc3949ba59abbe56e057f20f883e', 'bernandoardo@gmail.com', 'AVI,BMP,BSH,C,CC,CPP,CS,CSH,CSS,CV,CYC,DOC,DOCX,DOCX,GIF,HTM,HTML,JAVA,JPEG,JPG,JS,M,MOV,MP3,MP4,MXML,PDF,PERL,PHP,PL,PM,PNG,PPT,PPTX,PPTX,PY,RAR,RB,SH,SQL,TXT,VB,WMA,WMV,XHTML,XLS,XLSX,XML,XSL,ZIP', 10000000, 10000000, 1, '2023-06-22 19:24:11', 'tghkm', 'uploads', '4,2,3,5,1,3,4,5'),
(12, '2023-06-22 19:24:11', 'arman@trilogi.ac.id', 'e10adc3949ba59abbe56e057f20f883e', 'arman@trilogi.ac.id', 'AVI,BMP,BSH,C,CC,CPP,CS,CSH,CSS,CV,CYC,DOC,DOCX,DOCX,GIF,HTM,HTML,JAVA,JPEG,JPG,JS,M,MOV,MP3,MP4,MXML,PDF,PERL,PHP,PL,PM,PNG,PPT,PPTX,PPTX,PY,RAR,RB,SH,SQL,TXT,VB,WMA,WMV,XHTML,XLS,XLSX,XML,XSL,ZIP', 10000000, 10000000, 1, '2023-06-22 19:24:11', 'tghkm', 'uploads', '4,2,3,5,1,3,4,5'),
(13, '2023-06-22 19:24:11', 'asep_imam@trilogi.ac.id', 'e10adc3949ba59abbe56e057f20f883e', 'asep_imam@trilogi.ac.id', 'AVI,BMP,BSH,C,CC,CPP,CS,CSH,CSS,CV,CYC,DOC,DOCX,DOCX,GIF,HTM,HTML,JAVA,JPEG,JPG,JS,M,MOV,MP3,MP4,MXML,PDF,PERL,PHP,PL,PM,PNG,PPT,PPTX,PPTX,PY,RAR,RB,SH,SQL,TXT,VB,WMA,WMV,XHTML,XLS,XLSX,XML,XSL,ZIP', 10000000, 10000000, 1, '2023-06-22 19:24:11', 'tghkm', 'uploads', '4,2,3,5,1,3,4,5'),
(14, '2023-06-22 19:24:11', 'a_harianti@trilogi.ac.id', 'e10adc3949ba59abbe56e057f20f883e', 'a_harianti@trilogi.ac.id', 'AVI,BMP,BSH,C,CC,CPP,CS,CSH,CSS,CV,CYC,DOC,DOCX,DOCX,GIF,HTM,HTML,JAVA,JPEG,JPG,JS,M,MOV,MP3,MP4,MXML,PDF,PERL,PHP,PL,PM,PNG,PPT,PPTX,PPTX,PY,RAR,RB,SH,SQL,TXT,VB,WMA,WMV,XHTML,XLS,XLSX,XML,XSL,ZIP', 10000000, 10000000, 1, '2023-06-22 19:24:11', 'tghkm', 'uploads', '4,2,3,5,1,3,4,5'),
(15, '2023-06-22 19:24:11', 'atyherawati@trilogi.ac.id', 'e10adc3949ba59abbe56e057f20f883e', 'atyherawati@trilogi.ac.id', 'AVI,BMP,BSH,C,CC,CPP,CS,CSH,CSS,CV,CYC,DOC,DOCX,DOCX,GIF,HTM,HTML,JAVA,JPEG,JPG,JS,M,MOV,MP3,MP4,MXML,PDF,PERL,PHP,PL,PM,PNG,PPT,PPTX,PPTX,PY,RAR,RB,SH,SQL,TXT,VB,WMA,WMV,XHTML,XLS,XLSX,XML,XSL,ZIP', 10000000, 10000000, 1, '2023-06-22 19:24:11', 'tghkm', 'uploads', '4,2,3,5,1,3,4,5'),
(16, '2023-06-22 19:24:11', 'ayudwidyah@trilogi.ac.id', 'e10adc3949ba59abbe56e057f20f883e', 'ayudwidyah@trilogi.ac.id', 'AVI,BMP,BSH,C,CC,CPP,CS,CSH,CSS,CV,CYC,DOC,DOCX,DOCX,GIF,HTM,HTML,JAVA,JPEG,JPG,JS,M,MOV,MP3,MP4,MXML,PDF,PERL,PHP,PL,PM,PNG,PPT,PPTX,PPTX,PY,RAR,RB,SH,SQL,TXT,VB,WMA,WMV,XHTML,XLS,XLSX,XML,XSL,ZIP', 10000000, 10000000, 1, '2023-06-22 19:24:11', 'tghkm', 'uploads', '4,2,3,5,1,3,4,5'),
(17, '2023-06-22 19:24:11', 'bayyinah.nh@trilogi.ac.id', 'e10adc3949ba59abbe56e057f20f883e', 'bayyinah.nh@trilogi.ac.id', 'AVI,BMP,BSH,C,CC,CPP,CS,CSH,CSS,CV,CYC,DOC,DOCX,DOCX,GIF,HTM,HTML,JAVA,JPEG,JPG,JS,M,MOV,MP3,MP4,MXML,PDF,PERL,PHP,PL,PM,PNG,PPT,PPTX,PPTX,PY,RAR,RB,SH,SQL,TXT,VB,WMA,WMV,XHTML,XLS,XLSX,XML,XSL,ZIP', 10000000, 10000000, 1, '2023-06-22 19:24:11', 'tghkm', 'uploads', '4,2,3,5,1,3,4,5'),
(18, '2023-06-22 19:24:11', 'budiarif@trilogi.ac.id', 'e10adc3949ba59abbe56e057f20f883e', 'budiarif@trilogi.ac.id', 'AVI,BMP,BSH,C,CC,CPP,CS,CSH,CSS,CV,CYC,DOC,DOCX,DOCX,GIF,HTM,HTML,JAVA,JPEG,JPG,JS,M,MOV,MP3,MP4,MXML,PDF,PERL,PHP,PL,PM,PNG,PPT,PPTX,PPTX,PY,RAR,RB,SH,SQL,TXT,VB,WMA,WMV,XHTML,XLS,XLSX,XML,XSL,ZIP', 10000000, 10000000, 1, '2023-06-22 19:24:11', 'tghkm', 'uploads', '4,2,3,5,1,3,4,5'),
(19, '2023-06-22 19:24:11', 'budisuryo@trilogi.ac.id', 'e10adc3949ba59abbe56e057f20f883e', 'budisuryo@trilogi.ac.id', 'AVI,BMP,BSH,C,CC,CPP,CS,CSH,CSS,CV,CYC,DOC,DOCX,DOCX,GIF,HTM,HTML,JAVA,JPEG,JPG,JS,M,MOV,MP3,MP4,MXML,PDF,PERL,PHP,PL,PM,PNG,PPT,PPTX,PPTX,PY,RAR,RB,SH,SQL,TXT,VB,WMA,WMV,XHTML,XLS,XLSX,XML,XSL,ZIP', 10000000, 10000000, 1, '2023-06-22 19:24:11', 'tghkm', 'uploads', '4,2,3,5,1,3,4,5'),
(20, '2023-06-22 19:24:11', 'damar.rangga@trilogi.ac.id', 'e10adc3949ba59abbe56e057f20f883e', 'damar.rangga@trilogi.ac.id', 'AVI,BMP,BSH,C,CC,CPP,CS,CSH,CSS,CV,CYC,DOC,DOCX,DOCX,GIF,HTM,HTML,JAVA,JPEG,JPG,JS,M,MOV,MP3,MP4,MXML,PDF,PERL,PHP,PL,PM,PNG,PPT,PPTX,PPTX,PY,RAR,RB,SH,SQL,TXT,VB,WMA,WMV,XHTML,XLS,XLSX,XML,XSL,ZIP', 10000000, 10000000, 1, '2023-06-22 19:24:11', 'tghkm', 'uploads', '4,2,3,5,1,3,4,5'),
(21, '2023-06-22 19:24:11', 'dedyrachmad@trilogi.ac.id', 'e10adc3949ba59abbe56e057f20f883e', 'dedyrachmad@trilogi.ac.id', 'AVI,BMP,BSH,C,CC,CPP,CS,CSH,CSS,CV,CYC,DOC,DOCX,DOCX,GIF,HTM,HTML,JAVA,JPEG,JPG,JS,M,MOV,MP3,MP4,MXML,PDF,PERL,PHP,PL,PM,PNG,PPT,PPTX,PPTX,PY,RAR,RB,SH,SQL,TXT,VB,WMA,WMV,XHTML,XLS,XLSX,XML,XSL,ZIP', 10000000, 10000000, 1, '2023-06-22 19:24:11', 'tghkm', 'uploads', '4,2,3,5,1,3,4,5'),
(22, '2023-06-22 19:24:11', 'dewy24@trilogi.ac.id', 'e10adc3949ba59abbe56e057f20f883e', 'dewy24@trilogi.ac.id', 'AVI,BMP,BSH,C,CC,CPP,CS,CSH,CSS,CV,CYC,DOC,DOCX,DOCX,GIF,HTM,HTML,JAVA,JPEG,JPG,JS,M,MOV,MP3,MP4,MXML,PDF,PERL,PHP,PL,PM,PNG,PPT,PPTX,PPTX,PY,RAR,RB,SH,SQL,TXT,VB,WMA,WMV,XHTML,XLS,XLSX,XML,XSL,ZIP', 10000000, 10000000, 1, '2023-06-22 19:24:11', 'tghkm', 'uploads', '4,2,3,5,1,3,4,5'),
(23, '2023-06-22 19:24:11', 'dhita@trilogi.ac.id', 'e10adc3949ba59abbe56e057f20f883e', 'dhita@trilogi.ac.id', 'AVI,BMP,BSH,C,CC,CPP,CS,CSH,CSS,CV,CYC,DOC,DOCX,DOCX,GIF,HTM,HTML,JAVA,JPEG,JPG,JS,M,MOV,MP3,MP4,MXML,PDF,PERL,PHP,PL,PM,PNG,PPT,PPTX,PPTX,PY,RAR,RB,SH,SQL,TXT,VB,WMA,WMV,XHTML,XLS,XLSX,XML,XSL,ZIP', 10000000, 10000000, 1, '2023-06-22 19:24:11', 'tghkm', 'uploads', '4,2,3,5,1,3,4,5'),
(24, '2023-06-22 19:24:11', 'dinanf2311@trilogi.ac.id', 'e10adc3949ba59abbe56e057f20f883e', 'dinanf2311@trilogi.ac.id', 'AVI,BMP,BSH,C,CC,CPP,CS,CSH,CSS,CV,CYC,DOC,DOCX,DOCX,GIF,HTM,HTML,JAVA,JPEG,JPG,JS,M,MOV,MP3,MP4,MXML,PDF,PERL,PHP,PL,PM,PNG,PPT,PPTX,PPTX,PY,RAR,RB,SH,SQL,TXT,VB,WMA,WMV,XHTML,XLS,XLSX,XML,XSL,ZIP', 10000000, 10000000, 1, '2023-06-22 19:24:11', 'tghkm', 'uploads', '4,2,3,5,1,3,4,5'),
(25, '2023-06-22 19:24:11', 'fera_risina@trilogi.ac.id', 'e10adc3949ba59abbe56e057f20f883e', 'fera_risina@trilogi.ac.id', 'AVI,BMP,BSH,C,CC,CPP,CS,CSH,CSS,CV,CYC,DOC,DOCX,DOCX,GIF,HTM,HTML,JAVA,JPEG,JPG,JS,M,MOV,MP3,MP4,MXML,PDF,PERL,PHP,PL,PM,PNG,PPT,PPTX,PPTX,PY,RAR,RB,SH,SQL,TXT,VB,WMA,WMV,XHTML,XLS,XLSX,XML,XSL,ZIP', 10000000, 10000000, 1, '2023-06-22 19:24:11', 'tghkm', 'uploads', '4,2,3,5,1,3,4,5'),
(26, '2023-06-22 19:24:11', 'dwisunukanto@trilogi.ac.id', 'e10adc3949ba59abbe56e057f20f883e', 'dwisunukanto@trilogi.ac.id', 'AVI,BMP,BSH,C,CC,CPP,CS,CSH,CSS,CV,CYC,DOC,DOCX,DOCX,GIF,HTM,HTML,JAVA,JPEG,JPG,JS,M,MOV,MP3,MP4,MXML,PDF,PERL,PHP,PL,PM,PNG,PPT,PPTX,PPTX,PY,RAR,RB,SH,SQL,TXT,VB,WMA,WMV,XHTML,XLS,XLSX,XML,XSL,ZIP', 10000000, 10000000, 1, '2023-06-22 19:24:11', 'tghkm', 'uploads', '4,2,3,5,1,3,4,5'),
(27, '2023-06-22 19:24:11', 'efendri@trilogi.ac.id', 'e10adc3949ba59abbe56e057f20f883e', 'efendri@trilogi.ac.id', 'AVI,BMP,BSH,C,CC,CPP,CS,CSH,CSS,CV,CYC,DOC,DOCX,DOCX,GIF,HTM,HTML,JAVA,JPEG,JPG,JS,M,MOV,MP3,MP4,MXML,PDF,PERL,PHP,PL,PM,PNG,PPT,PPTX,PPTX,PY,RAR,RB,SH,SQL,TXT,VB,WMA,WMV,XHTML,XLS,XLSX,XML,XSL,ZIP', 10000000, 10000000, 1, '2023-06-22 19:24:11', 'tghkm', 'uploads', '4,2,3,5,1,3,4,5'),
(28, '2023-06-22 19:24:11', 'armayuda@universitas-trilogi.ac.id', 'e10adc3949ba59abbe56e057f20f883e', 'armayuda@universitas-trilogi.ac.id', 'AVI,BMP,BSH,C,CC,CPP,CS,CSH,CSS,CV,CYC,DOC,DOCX,DOCX,GIF,HTM,HTML,JAVA,JPEG,JPG,JS,M,MOV,MP3,MP4,MXML,PDF,PERL,PHP,PL,PM,PNG,PPT,PPTX,PPTX,PY,RAR,RB,SH,SQL,TXT,VB,WMA,WMV,XHTML,XLS,XLSX,XML,XSL,ZIP', 10000000, 10000000, 1, '2023-06-22 19:24:11', 'tghkm', 'uploads', '4,2,3,5,1,3,4,5'),
(29, '2023-06-22 19:24:11', 'ernezadewi@trilogi.ac.id', 'e10adc3949ba59abbe56e057f20f883e', 'ernezadewi@trilogi.ac.id', 'AVI,BMP,BSH,C,CC,CPP,CS,CSH,CSS,CV,CYC,DOC,DOCX,DOCX,GIF,HTM,HTML,JAVA,JPEG,JPG,JS,M,MOV,MP3,MP4,MXML,PDF,PERL,PHP,PL,PM,PNG,PPT,PPTX,PPTX,PY,RAR,RB,SH,SQL,TXT,VB,WMA,WMV,XHTML,XLS,XLSX,XML,XSL,ZIP', 10000000, 10000000, 1, '2023-06-22 19:24:11', 'tghkm', 'uploads', '4,2,3,5,1,3,4,5'),
(30, '2023-06-22 19:24:11', 'faisalpiliang@trilogi.ac.id', 'e10adc3949ba59abbe56e057f20f883e', 'faisalpiliang@trilogi.ac.id', 'AVI,BMP,BSH,C,CC,CPP,CS,CSH,CSS,CV,CYC,DOC,DOCX,DOCX,GIF,HTM,HTML,JAVA,JPEG,JPG,JS,M,MOV,MP3,MP4,MXML,PDF,PERL,PHP,PL,PM,PNG,PPT,PPTX,PPTX,PY,RAR,RB,SH,SQL,TXT,VB,WMA,WMV,XHTML,XLS,XLSX,XML,XSL,ZIP', 10000000, 10000000, 1, '2023-06-22 19:24:11', 'tghkm', 'uploads', '4,2,3,5,1,3,4,5'),
(31, '2023-06-22 19:24:11', 'faizah@trilogi.ac.id', 'e10adc3949ba59abbe56e057f20f883e', 'faizah@trilogi.ac.id', 'AVI,BMP,BSH,C,CC,CPP,CS,CSH,CSS,CV,CYC,DOC,DOCX,DOCX,GIF,HTM,HTML,JAVA,JPEG,JPG,JS,M,MOV,MP3,MP4,MXML,PDF,PERL,PHP,PL,PM,PNG,PPT,PPTX,PPTX,PY,RAR,RB,SH,SQL,TXT,VB,WMA,WMV,XHTML,XLS,XLSX,XML,XSL,ZIP', 10000000, 10000000, 1, '2023-06-22 19:24:11', 'tghkm', 'uploads', '4,2,3,5,1,3,4,5'),
(32, '2023-06-22 19:24:11', 'fannysuzuda.pohan@trilogi.ac.id', 'e10adc3949ba59abbe56e057f20f883e', 'fannysuzuda.pohan@trilogi.ac.id', 'AVI,BMP,BSH,C,CC,CPP,CS,CSH,CSS,CV,CYC,DOC,DOCX,DOCX,GIF,HTM,HTML,JAVA,JPEG,JPG,JS,M,MOV,MP3,MP4,MXML,PDF,PERL,PHP,PL,PM,PNG,PPT,PPTX,PPTX,PY,RAR,RB,SH,SQL,TXT,VB,WMA,WMV,XHTML,XLS,XLSX,XML,XSL,ZIP', 10000000, 10000000, 1, '2023-06-22 19:24:11', 'tghkm', 'uploads', '4,2,3,5,1,3,4,5'),
(33, '2023-06-22 19:24:11', 'fathia.pradina@trilogi.ac.id', 'e10adc3949ba59abbe56e057f20f883e', 'fathia.pradina@trilogi.ac.id', 'AVI,BMP,BSH,C,CC,CPP,CS,CSH,CSS,CV,CYC,DOC,DOCX,DOCX,GIF,HTM,HTML,JAVA,JPEG,JPG,JS,M,MOV,MP3,MP4,MXML,PDF,PERL,PHP,PL,PM,PNG,PPT,PPTX,PPTX,PY,RAR,RB,SH,SQL,TXT,VB,WMA,WMV,XHTML,XLS,XLSX,XML,XSL,ZIP', 10000000, 10000000, 1, '2023-06-22 19:24:11', 'tghkm', 'uploads', '4,2,3,5,1,3,4,5'),
(34, '2023-06-22 19:24:11', 'febriantiyuli@trilogi.ac.id', 'e10adc3949ba59abbe56e057f20f883e', 'febriantiyuli@trilogi.ac.id', 'AVI,BMP,BSH,C,CC,CPP,CS,CSH,CSS,CV,CYC,DOC,DOCX,DOCX,GIF,HTM,HTML,JAVA,JPEG,JPG,JS,M,MOV,MP3,MP4,MXML,PDF,PERL,PHP,PL,PM,PNG,PPT,PPTX,PPTX,PY,RAR,RB,SH,SQL,TXT,VB,WMA,WMV,XHTML,XLS,XLSX,XML,XSL,ZIP', 10000000, 10000000, 1, '2023-06-22 19:24:11', 'tghkm', 'uploads', '4,2,3,5,1,3,4,5'),
(35, '2023-06-22 19:24:11', 'francy@trilogi.ac.id', 'e10adc3949ba59abbe56e057f20f883e', 'francy@trilogi.ac.id', 'AVI,BMP,BSH,C,CC,CPP,CS,CSH,CSS,CV,CYC,DOC,DOCX,DOCX,GIF,HTM,HTML,JAVA,JPEG,JPG,JS,M,MOV,MP3,MP4,MXML,PDF,PERL,PHP,PL,PM,PNG,PPT,PPTX,PPTX,PY,RAR,RB,SH,SQL,TXT,VB,WMA,WMV,XHTML,XLS,XLSX,XML,XSL,ZIP', 10000000, 10000000, 1, '2023-06-22 19:24:11', 'tghkm', 'uploads', '4,2,3,5,1,3,4,5'),
(36, '2023-06-22 19:24:11', 'hendyansyah@trilogi.ac.id', 'e10adc3949ba59abbe56e057f20f883e', 'hendyansyah@trilogi.ac.id', 'AVI,BMP,BSH,C,CC,CPP,CS,CSH,CSS,CV,CYC,DOC,DOCX,DOCX,GIF,HTM,HTML,JAVA,JPEG,JPG,JS,M,MOV,MP3,MP4,MXML,PDF,PERL,PHP,PL,PM,PNG,PPT,PPTX,PPTX,PY,RAR,RB,SH,SQL,TXT,VB,WMA,WMV,XHTML,XLS,XLSX,XML,XSL,ZIP', 10000000, 10000000, 1, '2023-06-22 19:24:11', 'tghkm', 'uploads', '4,2,3,5,1,3,4,5'),
(37, '2023-06-22 19:24:11', 'henyagustin@trilogi.ac.id', 'e10adc3949ba59abbe56e057f20f883e', 'henyagustin@trilogi.ac.id', 'AVI,BMP,BSH,C,CC,CPP,CS,CSH,CSS,CV,CYC,DOC,DOCX,DOCX,GIF,HTM,HTML,JAVA,JPEG,JPG,JS,M,MOV,MP3,MP4,MXML,PDF,PERL,PHP,PL,PM,PNG,PPT,PPTX,PPTX,PY,RAR,RB,SH,SQL,TXT,VB,WMA,WMV,XHTML,XLS,XLSX,XML,XSL,ZIP', 10000000, 10000000, 1, '2023-06-22 19:24:11', 'tghkm', 'uploads', '4,2,3,5,1,3,4,5'),
(38, '2023-06-22 19:24:11', 'hermawan_seftiono@trilogi.ac.id', 'e10adc3949ba59abbe56e057f20f883e', 'hermawan_seftiono@trilogi.ac.id', 'AVI,BMP,BSH,C,CC,CPP,CS,CSH,CSS,CV,CYC,DOC,DOCX,DOCX,GIF,HTM,HTML,JAVA,JPEG,JPG,JS,M,MOV,MP3,MP4,MXML,PDF,PERL,PHP,PL,PM,PNG,PPT,PPTX,PPTX,PY,RAR,RB,SH,SQL,TXT,VB,WMA,WMV,XHTML,XLS,XLSX,XML,XSL,ZIP', 10000000, 10000000, 1, '2023-06-22 19:24:11', 'tghkm', 'uploads', '4,2,3,5,1,3,4,5'),
(39, '2023-06-22 19:24:11', 'hiswororamdani@trilogi.ac.id', 'e10adc3949ba59abbe56e057f20f883e', 'hiswororamdani@trilogi.ac.id', 'AVI,BMP,BSH,C,CC,CPP,CS,CSH,CSS,CV,CYC,DOC,DOCX,DOCX,GIF,HTM,HTML,JAVA,JPEG,JPG,JS,M,MOV,MP3,MP4,MXML,PDF,PERL,PHP,PL,PM,PNG,PPT,PPTX,PPTX,PY,RAR,RB,SH,SQL,TXT,VB,WMA,WMV,XHTML,XLS,XLSX,XML,XSL,ZIP', 10000000, 10000000, 1, '2023-06-22 19:24:11', 'tghkm', 'uploads', '4,2,3,5,1,3,4,5'),
(40, '2023-06-22 19:24:11', 'husnulkhotimah@trilogi.ac.id', 'e10adc3949ba59abbe56e057f20f883e', 'husnulkhotimah@trilogi.ac.id', 'AVI,BMP,BSH,C,CC,CPP,CS,CSH,CSS,CV,CYC,DOC,DOCX,DOCX,GIF,HTM,HTML,JAVA,JPEG,JPG,JS,M,MOV,MP3,MP4,MXML,PDF,PERL,PHP,PL,PM,PNG,PPT,PPTX,PPTX,PY,RAR,RB,SH,SQL,TXT,VB,WMA,WMV,XHTML,XLS,XLSX,XML,XSL,ZIP', 10000000, 10000000, 1, '2023-06-22 19:24:11', 'tghkm', 'uploads', '4,2,3,5,1,3,4,5'),
(41, '2023-06-22 19:24:11', 'fambudi@trilogi.ac.id', 'e10adc3949ba59abbe56e057f20f883e', 'fambudi@trilogi.ac.id', 'AVI,BMP,BSH,C,CC,CPP,CS,CSH,CSS,CV,CYC,DOC,DOCX,DOCX,GIF,HTM,HTML,JAVA,JPEG,JPG,JS,M,MOV,MP3,MP4,MXML,PDF,PERL,PHP,PL,PM,PNG,PPT,PPTX,PPTX,PY,RAR,RB,SH,SQL,TXT,VB,WMA,WMV,XHTML,XLS,XLSX,XML,XSL,ZIP', 10000000, 10000000, 1, '2023-06-22 19:24:11', 'tghkm', 'uploads', '4,2,3,5,1,3,4,5'),
(42, '2023-06-22 19:24:11', 'inanpihs@trilogi.ac.id', 'e10adc3949ba59abbe56e057f20f883e', 'inanpihs@trilogi.ac.id', 'AVI,BMP,BSH,C,CC,CPP,CS,CSH,CSS,CV,CYC,DOC,DOCX,DOCX,GIF,HTM,HTML,JAVA,JPEG,JPG,JS,M,MOV,MP3,MP4,MXML,PDF,PERL,PHP,PL,PM,PNG,PPT,PPTX,PPTX,PY,RAR,RB,SH,SQL,TXT,VB,WMA,WMV,XHTML,XLS,XLSX,XML,XSL,ZIP', 10000000, 10000000, 1, '2023-06-22 19:24:11', 'tghkm', 'uploads', '4,2,3,5,1,3,4,5'),
(43, '2023-06-22 19:24:11', 'ketutbayu@trilogi.ac.id', 'e10adc3949ba59abbe56e057f20f883e', 'ketutbayu@trilogi.ac.id', 'AVI,BMP,BSH,C,CC,CPP,CS,CSH,CSS,CV,CYC,DOC,DOCX,DOCX,GIF,HTM,HTML,JAVA,JPEG,JPG,JS,M,MOV,MP3,MP4,MXML,PDF,PERL,PHP,PL,PM,PNG,PPT,PPTX,PPTX,PY,RAR,RB,SH,SQL,TXT,VB,WMA,WMV,XHTML,XLS,XLSX,XML,XSL,ZIP', 10000000, 10000000, 1, '2023-06-22 19:24:11', 'tghkm', 'uploads', '4,2,3,5,1,3,4,5'),
(44, '2023-06-22 19:24:11', 'khoirina@trilogi.ac.id', 'e10adc3949ba59abbe56e057f20f883e', 'khoirina@trilogi.ac.id', 'AVI,BMP,BSH,C,CC,CPP,CS,CSH,CSS,CV,CYC,DOC,DOCX,DOCX,GIF,HTM,HTML,JAVA,JPEG,JPG,JS,M,MOV,MP3,MP4,MXML,PDF,PERL,PHP,PL,PM,PNG,PPT,PPTX,PPTX,PY,RAR,RB,SH,SQL,TXT,VB,WMA,WMV,XHTML,XLS,XLSX,XML,XSL,ZIP', 10000000, 10000000, 1, '2023-06-22 19:24:11', 'tghkm', 'uploads', '4,2,3,5,1,3,4,5'),
(45, '2023-06-22 19:24:11', 'lelydahlia@trilogi.ac.id', 'e10adc3949ba59abbe56e057f20f883e', 'lelydahlia@trilogi.ac.id', 'AVI,BMP,BSH,C,CC,CPP,CS,CSH,CSS,CV,CYC,DOC,DOCX,DOCX,GIF,HTM,HTML,JAVA,JPEG,JPG,JS,M,MOV,MP3,MP4,MXML,PDF,PERL,PHP,PL,PM,PNG,PPT,PPTX,PPTX,PY,RAR,RB,SH,SQL,TXT,VB,WMA,WMV,XHTML,XLS,XLSX,XML,XSL,ZIP', 10000000, 10000000, 1, '2023-06-30 09:32:05', 'tghkm', 'uploads', '4,2,3,5,1,3,4,5'),
(46, '2023-06-22 19:24:11', 'lestariagusalim@trilogi.ac.id', 'e10adc3949ba59abbe56e057f20f883e', 'lestariagusalim@trilogi.ac.id', 'AVI,BMP,BSH,C,CC,CPP,CS,CSH,CSS,CV,CYC,DOC,DOCX,DOCX,GIF,HTM,HTML,JAVA,JPEG,JPG,JS,M,MOV,MP3,MP4,MXML,PDF,PERL,PHP,PL,PM,PNG,PPT,PPTX,PPTX,PY,RAR,RB,SH,SQL,TXT,VB,WMA,WMV,XHTML,XLS,XLSX,XML,XSL,ZIP', 10000000, 10000000, 1, '2023-06-22 19:24:11', 'tghkm', 'uploads', '4,2,3,5,1,3,4,5'),
(47, '2023-06-22 19:24:11', 'ludyhara@trilogi.ac.id', 'e10adc3949ba59abbe56e057f20f883e', 'ludyhara@trilogi.ac.id', 'AVI,BMP,BSH,C,CC,CPP,CS,CSH,CSS,CV,CYC,DOC,DOCX,DOCX,GIF,HTM,HTML,JAVA,JPEG,JPG,JS,M,MOV,MP3,MP4,MXML,PDF,PERL,PHP,PL,PM,PNG,PPT,PPTX,PPTX,PY,RAR,RB,SH,SQL,TXT,VB,WMA,WMV,XHTML,XLS,XLSX,XML,XSL,ZIP', 10000000, 10000000, 1, '2023-06-22 19:24:11', 'tghkm', 'uploads', '4,2,3,5,1,3,4,5'),
(48, '2023-06-22 19:24:11', 'lahandi@trilogi.ac.id', 'e10adc3949ba59abbe56e057f20f883e', 'lahandi@trilogi.ac.id', 'AVI,BMP,BSH,C,CC,CPP,CS,CSH,CSS,CV,CYC,DOC,DOCX,DOCX,GIF,HTM,HTML,JAVA,JPEG,JPG,JS,M,MOV,MP3,MP4,MXML,PDF,PERL,PHP,PL,PM,PNG,PPT,PPTX,PPTX,PY,RAR,RB,SH,SQL,TXT,VB,WMA,WMV,XHTML,XLS,XLSX,XML,XSL,ZIP', 10000000, 10000000, 1, '2023-06-22 19:24:11', 'tghkm', 'uploads', '4,2,3,5,1,3,4,5'),
(49, '2023-06-22 19:24:11', 'mrizalt@trilogi.ac.id', 'e10adc3949ba59abbe56e057f20f883e', 'mrizalt@trilogi.ac.id', 'AVI,BMP,BSH,C,CC,CPP,CS,CSH,CSS,CV,CYC,DOC,DOCX,DOCX,GIF,HTM,HTML,JAVA,JPEG,JPG,JS,M,MOV,MP3,MP4,MXML,PDF,PERL,PHP,PL,PM,PNG,PPT,PPTX,PPTX,PY,RAR,RB,SH,SQL,TXT,VB,WMA,WMV,XHTML,XLS,XLSX,XML,XSL,ZIP', 10000000, 10000000, 1, '2023-06-22 19:24:11', 'tghkm', 'uploads', '4,2,3,5,1,3,4,5'),
(50, '2023-06-22 19:24:11', 'mangasi2016@trilogi.ac.id', 'e10adc3949ba59abbe56e057f20f883e', 'mangasi2016@trilogi.ac.id', 'AVI,BMP,BSH,C,CC,CPP,CS,CSH,CSS,CV,CYC,DOC,DOCX,DOCX,GIF,HTM,HTML,JAVA,JPEG,JPG,JS,M,MOV,MP3,MP4,MXML,PDF,PERL,PHP,PL,PM,PNG,PPT,PPTX,PPTX,PY,RAR,RB,SH,SQL,TXT,VB,WMA,WMV,XHTML,XLS,XLSX,XML,XSL,ZIP', 10000000, 10000000, 1, '2023-06-22 19:24:11', 'tghkm', 'uploads', '4,2,3,5,1,3,4,5'),
(51, '2023-06-22 19:24:11', 'maulidian@trilogi.ac.id', 'e10adc3949ba59abbe56e057f20f883e', 'maulidian@trilogi.ac.id', 'AVI,BMP,BSH,C,CC,CPP,CS,CSH,CSS,CV,CYC,DOC,DOCX,DOCX,GIF,HTM,HTML,JAVA,JPEG,JPG,JS,M,MOV,MP3,MP4,MXML,PDF,PERL,PHP,PL,PM,PNG,PPT,PPTX,PPTX,PY,RAR,RB,SH,SQL,TXT,VB,WMA,WMV,XHTML,XLS,XLSX,XML,XSL,ZIP', 10000000, 10000000, 1, '2023-06-22 19:24:11', 'tghkm', 'uploads', '4,2,3,5,1,3,4,5'),
(52, '2023-06-22 19:24:11', 'mia_rachmawaty@trilogi.ac.id', 'e10adc3949ba59abbe56e057f20f883e', 'mia_rachmawaty@trilogi.ac.id', 'AVI,BMP,BSH,C,CC,CPP,CS,CSH,CSS,CV,CYC,DOC,DOCX,DOCX,GIF,HTM,HTML,JAVA,JPEG,JPG,JS,M,MOV,MP3,MP4,MXML,PDF,PERL,PHP,PL,PM,PNG,PPT,PPTX,PPTX,PY,RAR,RB,SH,SQL,TXT,VB,WMA,WMV,XHTML,XLS,XLSX,XML,XSL,ZIP', 10000000, 10000000, 1, '2023-06-22 19:24:11', 'tghkm', 'uploads', '4,2,3,5,1,3,4,5'),
(53, '2023-06-22 19:24:11', 'karimlaode1971@trilogi.ac.id', 'e10adc3949ba59abbe56e057f20f883e', 'karimlaode1971@trilogi.ac.id', 'AVI,BMP,BSH,C,CC,CPP,CS,CSH,CSS,CV,CYC,DOC,DOCX,DOCX,GIF,HTM,HTML,JAVA,JPEG,JPG,JS,M,MOV,MP3,MP4,MXML,PDF,PERL,PHP,PL,PM,PNG,PPT,PPTX,PPTX,PY,RAR,RB,SH,SQL,TXT,VB,WMA,WMV,XHTML,XLS,XLSX,XML,XSL,ZIP', 10000000, 10000000, 1, '2023-06-22 19:24:11', 'tghkm', 'uploads', '4,2,3,5,1,3,4,5'),
(54, '2023-06-22 19:24:11', 'mutiara.dewi@trilogi.ac.id', 'e10adc3949ba59abbe56e057f20f883e', 'mutiara.dewi@trilogi.ac.id', 'AVI,BMP,BSH,C,CC,CPP,CS,CSH,CSS,CV,CYC,DOC,DOCX,DOCX,GIF,HTM,HTML,JAVA,JPEG,JPG,JS,M,MOV,MP3,MP4,MXML,PDF,PERL,PHP,PL,PM,PNG,PPT,PPTX,PPTX,PY,RAR,RB,SH,SQL,TXT,VB,WMA,WMV,XHTML,XLS,XLSX,XML,XSL,ZIP', 10000000, 10000000, 1, '2023-06-22 19:24:11', 'tghkm', 'uploads', '4,2,3,5,1,3,4,5'),
(55, '2023-06-22 19:24:11', 'muyassaroh@trilogi.ac.id', 'e10adc3949ba59abbe56e057f20f883e', 'muyassaroh@trilogi.ac.id', 'AVI,BMP,BSH,C,CC,CPP,CS,CSH,CSS,CV,CYC,DOC,DOCX,DOCX,GIF,HTM,HTML,JAVA,JPEG,JPG,JS,M,MOV,MP3,MP4,MXML,PDF,PERL,PHP,PL,PM,PNG,PPT,PPTX,PPTX,PY,RAR,RB,SH,SQL,TXT,VB,WMA,WMV,XHTML,XLS,XLSX,XML,XSL,ZIP', 10000000, 10000000, 1, '2023-06-22 19:24:11', 'tghkm', 'uploads', '4,2,3,5,1,3,4,5'),
(56, '2023-06-22 19:24:11', 'ninasariana99@trilogi.ac.id', 'e10adc3949ba59abbe56e057f20f883e', 'ninasariana99@trilogi.ac.id', 'AVI,BMP,BSH,C,CC,CPP,CS,CSH,CSS,CV,CYC,DOC,DOCX,DOCX,GIF,HTM,HTML,JAVA,JPEG,JPG,JS,M,MOV,MP3,MP4,MXML,PDF,PERL,PHP,PL,PM,PNG,PPT,PPTX,PPTX,PY,RAR,RB,SH,SQL,TXT,VB,WMA,WMV,XHTML,XLS,XLSX,XML,XSL,ZIP', 10000000, 10000000, 1, '2023-06-22 19:24:11', 'tghkm', 'uploads', '4,2,3,5,1,3,4,5'),
(57, '2023-06-22 19:24:11', 'novbross@trilogi.ac.id', 'e10adc3949ba59abbe56e057f20f883e', 'novbross@trilogi.ac.id', 'AVI,BMP,BSH,C,CC,CPP,CS,CSH,CSS,CV,CYC,DOC,DOCX,DOCX,GIF,HTM,HTML,JAVA,JPEG,JPG,JS,M,MOV,MP3,MP4,MXML,PDF,PERL,PHP,PL,PM,PNG,PPT,PPTX,PPTX,PY,RAR,RB,SH,SQL,TXT,VB,WMA,WMV,XHTML,XLS,XLSX,XML,XSL,ZIP', 10000000, 10000000, 1, '2023-06-22 19:24:11', 'tghkm', 'uploads', '4,2,3,5,1,3,4,5'),
(58, '2023-06-22 19:24:11', 'novita_1210@trilogi.ac.id', 'e10adc3949ba59abbe56e057f20f883e', 'novita_1210@trilogi.ac.id', 'AVI,BMP,BSH,C,CC,CPP,CS,CSH,CSS,CV,CYC,DOC,DOCX,DOCX,GIF,HTM,HTML,JAVA,JPEG,JPG,JS,M,MOV,MP3,MP4,MXML,PDF,PERL,PHP,PL,PM,PNG,PPT,PPTX,PPTX,PY,RAR,RB,SH,SQL,TXT,VB,WMA,WMV,XHTML,XLS,XLSX,XML,XSL,ZIP', 10000000, 10000000, 1, '2023-06-22 19:24:11', 'tghkm', 'uploads', '4,2,3,5,1,3,4,5'),
(59, '2023-06-22 19:24:11', 'nurhidayati@trilogi.ac.id', 'e10adc3949ba59abbe56e057f20f883e', 'nurhidayati@trilogi.ac.id', 'AVI,BMP,BSH,C,CC,CPP,CS,CSH,CSS,CV,CYC,DOC,DOCX,DOCX,GIF,HTM,HTML,JAVA,JPEG,JPG,JS,M,MOV,MP3,MP4,MXML,PDF,PERL,PHP,PL,PM,PNG,PPT,PPTX,PPTX,PY,RAR,RB,SH,SQL,TXT,VB,WMA,WMV,XHTML,XLS,XLSX,XML,XSL,ZIP', 10000000, 10000000, 1, '2023-06-22 19:24:11', 'tghkm', 'uploads', '4,2,3,5,1,3,4,5'),
(60, '2023-06-22 19:24:11', 'nurulaisyah@trilogi.ac.id', 'e10adc3949ba59abbe56e057f20f883e', 'nurulaisyah@trilogi.ac.id', 'AVI,BMP,BSH,C,CC,CPP,CS,CSH,CSS,CV,CYC,DOC,DOCX,DOCX,GIF,HTM,HTML,JAVA,JPEG,JPG,JS,M,MOV,MP3,MP4,MXML,PDF,PERL,PHP,PL,PM,PNG,PPT,PPTX,PPTX,PY,RAR,RB,SH,SQL,TXT,VB,WMA,WMV,XHTML,XLS,XLSX,XML,XSL,ZIP', 10000000, 10000000, 1, '2023-06-22 19:24:11', 'tghkm', 'uploads', '4,2,3,5,1,3,4,5'),
(61, '2023-06-22 19:24:11', 'oki-k@trilogi.ac.id', 'e10adc3949ba59abbe56e057f20f883e', 'oki-k@trilogi.ac.id', 'AVI,BMP,BSH,C,CC,CPP,CS,CSH,CSS,CV,CYC,DOC,DOCX,DOCX,GIF,HTM,HTML,JAVA,JPEG,JPG,JS,M,MOV,MP3,MP4,MXML,PDF,PERL,PHP,PL,PM,PNG,PPT,PPTX,PPTX,PY,RAR,RB,SH,SQL,TXT,VB,WMA,WMV,XHTML,XLS,XLSX,XML,XSL,ZIP', 10000000, 10000000, 1, '2023-06-22 19:24:11', 'tghkm', 'uploads', '4,2,3,5,1,3,4,5'),
(62, '2023-06-22 19:24:11', 'setialenggono@trilogi.ac.id', 'e10adc3949ba59abbe56e057f20f883e', 'setialenggono@trilogi.ac.id', 'AVI,BMP,BSH,C,CC,CPP,CS,CSH,CSS,CV,CYC,DOC,DOCX,DOCX,GIF,HTM,HTML,JAVA,JPEG,JPG,JS,M,MOV,MP3,MP4,MXML,PDF,PERL,PHP,PL,PM,PNG,PPT,PPTX,PPTX,PY,RAR,RB,SH,SQL,TXT,VB,WMA,WMV,XHTML,XLS,XLSX,XML,XSL,ZIP', 10000000, 10000000, 1, '2023-06-22 19:24:11', 'tghkm', 'uploads', '4,2,3,5,1,3,4,5'),
(63, '2023-06-22 19:24:11', 'ratihmahardika@trilogi.ac.id', 'e10adc3949ba59abbe56e057f20f883e', 'ratihmahardika@trilogi.ac.id', 'AVI,BMP,BSH,C,CC,CPP,CS,CSH,CSS,CV,CYC,DOC,DOCX,DOCX,GIF,HTM,HTML,JAVA,JPEG,JPG,JS,M,MOV,MP3,MP4,MXML,PDF,PERL,PHP,PL,PM,PNG,PPT,PPTX,PPTX,PY,RAR,RB,SH,SQL,TXT,VB,WMA,WMV,XHTML,XLS,XLSX,XML,XSL,ZIP', 10000000, 10000000, 1, '2023-06-22 19:24:11', 'tghkm', 'uploads', '4,2,3,5,1,3,4,5'),
(64, '2023-06-22 19:24:11', 'rizka.ramayanti@trilogi.ac.id', 'e10adc3949ba59abbe56e057f20f883e', 'rizka.ramayanti@trilogi.ac.id', 'AVI,BMP,BSH,C,CC,CPP,CS,CSH,CSS,CV,CYC,DOC,DOCX,DOCX,GIF,HTM,HTML,JAVA,JPEG,JPG,JS,M,MOV,MP3,MP4,MXML,PDF,PERL,PHP,PL,PM,PNG,PPT,PPTX,PPTX,PY,RAR,RB,SH,SQL,TXT,VB,WMA,WMV,XHTML,XLS,XLSX,XML,XSL,ZIP', 10000000, 10000000, 1, '2023-06-22 19:24:11', 'tghkm', 'uploads', '4,2,3,5,1,3,4,5'),
(65, '2023-06-22 19:24:11', 'nengrobiatulmunajah@trilogi.ac.id', 'e10adc3949ba59abbe56e057f20f883e', 'nengrobiatulmunajah@trilogi.ac.id', 'AVI,BMP,BSH,C,CC,CPP,CS,CSH,CSS,CV,CYC,DOC,DOCX,DOCX,GIF,HTM,HTML,JAVA,JPEG,JPG,JS,M,MOV,MP3,MP4,MXML,PDF,PERL,PHP,PL,PM,PNG,PPT,PPTX,PPTX,PY,RAR,RB,SH,SQL,TXT,VB,WMA,WMV,XHTML,XLS,XLSX,XML,XSL,ZIP', 10000000, 10000000, 1, '2023-06-22 19:24:11', 'tghkm', 'uploads', '4,2,3,5,1,3,4,5'),
(66, '2023-06-22 19:24:11', 'roostri73@trilogi.ac.id', 'e10adc3949ba59abbe56e057f20f883e', 'roostri73@trilogi.ac.id', 'AVI,BMP,BSH,C,CC,CPP,CS,CSH,CSS,CV,CYC,DOC,DOCX,DOCX,GIF,HTM,HTML,JAVA,JPEG,JPG,JS,M,MOV,MP3,MP4,MXML,PDF,PERL,PHP,PL,PM,PNG,PPT,PPTX,PPTX,PY,RAR,RB,SH,SQL,TXT,VB,WMA,WMV,XHTML,XLS,XLSX,XML,XSL,ZIP', 10000000, 10000000, 1, '2023-06-22 19:24:11', 'tghkm', 'uploads', '4,2,3,5,1,3,4,5'),
(67, '2023-06-22 19:24:11', 'nansih@trilogi.ac.id', 'e10adc3949ba59abbe56e057f20f883e', 'nansih@trilogi.ac.id', 'AVI,BMP,BSH,C,CC,CPP,CS,CSH,CSS,CV,CYC,DOC,DOCX,DOCX,GIF,HTM,HTML,JAVA,JPEG,JPG,JS,M,MOV,MP3,MP4,MXML,PDF,PERL,PHP,PL,PM,PNG,PPT,PPTX,PPTX,PY,RAR,RB,SH,SQL,TXT,VB,WMA,WMV,XHTML,XLS,XLSX,XML,XSL,ZIP', 10000000, 10000000, 1, '2023-06-22 19:24:11', 'tghkm', 'uploads', '4,2,3,5,1,3,4,5'),
(68, '2023-06-22 19:24:11', 'rossiiskandar@trilogi.ac.id', 'e10adc3949ba59abbe56e057f20f883e', 'rossiiskandar@trilogi.ac.id', 'AVI,BMP,BSH,C,CC,CPP,CS,CSH,CSS,CV,CYC,DOC,DOCX,DOCX,GIF,HTM,HTML,JAVA,JPEG,JPG,JS,M,MOV,MP3,MP4,MXML,PDF,PERL,PHP,PL,PM,PNG,PPT,PPTX,PPTX,PY,RAR,RB,SH,SQL,TXT,VB,WMA,WMV,XHTML,XLS,XLSX,XML,XSL,ZIP', 10000000, 10000000, 1, '2023-06-22 19:24:11', 'tghkm', 'uploads', '4,2,3,5,1,3,4,5'),
(69, '2023-06-22 19:24:11', 'rbt55@trilogi.ac.id', 'e10adc3949ba59abbe56e057f20f883e', 'rbt55@trilogi.ac.id', 'AVI,BMP,BSH,C,CC,CPP,CS,CSH,CSS,CV,CYC,DOC,DOCX,DOCX,GIF,HTM,HTML,JAVA,JPEG,JPG,JS,M,MOV,MP3,MP4,MXML,PDF,PERL,PHP,PL,PM,PNG,PPT,PPTX,PPTX,PY,RAR,RB,SH,SQL,TXT,VB,WMA,WMV,XHTML,XLS,XLSX,XML,XSL,ZIP', 10000000, 10000000, 1, '2023-06-22 19:24:11', 'tghkm', 'uploads', '4,2,3,5,1,3,4,5'),
(70, '2023-06-22 19:24:11', 'rudi_ritonga@trilogi.ac.id', 'e10adc3949ba59abbe56e057f20f883e', 'rudi_ritonga@trilogi.ac.id', 'AVI,BMP,BSH,C,CC,CPP,CS,CSH,CSS,CV,CYC,DOC,DOCX,DOCX,GIF,HTM,HTML,JAVA,JPEG,JPG,JS,M,MOV,MP3,MP4,MXML,PDF,PERL,PHP,PL,PM,PNG,PPT,PPTX,PPTX,PY,RAR,RB,SH,SQL,TXT,VB,WMA,WMV,XHTML,XLS,XLSX,XML,XSL,ZIP', 10000000, 10000000, 1, '2023-06-22 19:24:11', 'tghkm', 'uploads', '4,2,3,5,1,3,4,5'),
(71, '2023-06-22 19:24:11', 'rudi@trilogi.ac.id', 'e10adc3949ba59abbe56e057f20f883e', 'rudi@trilogi.ac.id', 'AVI,BMP,BSH,C,CC,CPP,CS,CSH,CSS,CV,CYC,DOC,DOCX,GIF,HTM,HTML,JAVA,JPEG,JPG,JS,M,MOV,MP3,MP4,MXML,PDF,PERL,PHP,PL,PM,PNG,PPT,PPTX,PY,RAR,RB,SH,SQL,TXT,VB,WMA,WMV,XHTML,XLS,XLSX,XML,XSL,ZIP', 10000000, 10000000, 1, '2024-04-18 10:26:07', 'tghkm', 'uploads', '8,12,9,10,11'),
(72, '2023-06-22 19:24:11', 'seveline@trilogi.ac.id', 'e10adc3949ba59abbe56e057f20f883e', 'seveline@trilogi.ac.id', 'AVI,BMP,BSH,C,CC,CPP,CS,CSH,CSS,CV,CYC,DOC,DOCX,DOCX,GIF,HTM,HTML,JAVA,JPEG,JPG,JS,M,MOV,MP3,MP4,MXML,PDF,PERL,PHP,PL,PM,PNG,PPT,PPTX,PPTX,PY,RAR,RB,SH,SQL,TXT,VB,WMA,WMV,XHTML,XLS,XLSX,XML,XSL,ZIP', 10000000, 10000000, 1, '2023-06-22 19:24:11', 'tghkm', 'uploads', '4,2,3,5,1,3,4,5'),
(73, '2023-06-22 19:24:11', 'handy@trilogi.ac.id', 'e10adc3949ba59abbe56e057f20f883e', 'handy@trilogi.ac.id', 'AVI,BMP,BSH,C,CC,CPP,CS,CSH,CSS,CV,CYC,DOC,DOCX,DOCX,GIF,HTM,HTML,JAVA,JPEG,JPG,JS,M,MOV,MP3,MP4,MXML,PDF,PERL,PHP,PL,PM,PNG,PPT,PPTX,PPTX,PY,RAR,RB,SH,SQL,TXT,VB,WMA,WMV,XHTML,XLS,XLSX,XML,XSL,ZIP', 10000000, 10000000, 1, '2023-06-22 19:24:11', 'tghkm', 'uploads', '4,2,3,5,1,3,4,5'),
(74, '2023-06-22 19:24:11', 'sriopti@trilogi.ac.id', 'e10adc3949ba59abbe56e057f20f883e', 'sriopti@trilogi.ac.id', 'AVI,BMP,BSH,C,CC,CPP,CS,CSH,CSS,CV,CYC,DOC,DOCX,DOCX,GIF,HTM,HTML,JAVA,JPEG,JPG,JS,M,MOV,MP3,MP4,MXML,PDF,PERL,PHP,PL,PM,PNG,PPT,PPTX,PPTX,PY,RAR,RB,SH,SQL,TXT,VB,WMA,WMV,XHTML,XLS,XLSX,XML,XSL,ZIP', 10000000, 10000000, 1, '2023-06-22 19:24:11', 'tghkm', 'uploads', '4,2,3,5,1,3,4,5'),
(75, '2023-06-22 19:24:11', 'yusnita@trilogi.ac.id', 'e10adc3949ba59abbe56e057f20f883e', 'yusnita@trilogi.ac.id', 'AVI,BMP,BSH,C,CC,CPP,CS,CSH,CSS,CV,CYC,DOC,DOCX,DOCX,GIF,HTM,HTML,JAVA,JPEG,JPG,JS,M,MOV,MP3,MP4,MXML,PDF,PERL,PHP,PL,PM,PNG,PPT,PPTX,PPTX,PY,RAR,RB,SH,SQL,TXT,VB,WMA,WMV,XHTML,XLS,XLSX,XML,XSL,ZIP', 10000000, 10000000, 1, '2023-06-22 19:24:11', 'tghkm', 'uploads', '4,2,3,5,1,3,4,5'),
(76, '2023-06-22 19:24:11', 'sulistyani@trilogi.ac.id', 'e10adc3949ba59abbe56e057f20f883e', 'sulistyani@trilogi.ac.id', 'AVI,BMP,BSH,C,CC,CPP,CS,CSH,CSS,CV,CYC,DOC,DOCX,DOCX,GIF,HTM,HTML,JAVA,JPEG,JPG,JS,M,MOV,MP3,MP4,MXML,PDF,PERL,PHP,PL,PM,PNG,PPT,PPTX,PPTX,PY,RAR,RB,SH,SQL,TXT,VB,WMA,WMV,XHTML,XLS,XLSX,XML,XSL,ZIP', 10000000, 10000000, 1, '2023-06-22 19:24:11', 'tghkm', 'uploads', '4,2,3,5,1,3,4,5'),
(77, '2023-06-22 19:24:11', 'ipung@trilogi.ac.id', 'e10adc3949ba59abbe56e057f20f883e', 'ipung@trilogi.ac.id', 'AVI,BMP,BSH,C,CC,CPP,CS,CSH,CSS,CV,CYC,DOC,DOCX,DOCX,GIF,HTM,HTML,JAVA,JPEG,JPG,JS,M,MOV,MP3,MP4,MXML,PDF,PERL,PHP,PL,PM,PNG,PPT,PPTX,PPTX,PY,RAR,RB,SH,SQL,TXT,VB,WMA,WMV,XHTML,XLS,XLSX,XML,XSL,ZIP', 10000000, 10000000, 1, '2023-06-22 19:24:11', 'tghkm', 'uploads', '4,2,3,5,1,3,4,5'),
(78, '2023-06-22 19:24:11', 'faruq@trilogi.ac.id', 'e10adc3949ba59abbe56e057f20f883e', 'faruq@trilogi.ac.id', 'AVI,BMP,BSH,C,CC,CPP,CS,CSH,CSS,CV,CYC,DOC,DOCX,DOCX,GIF,HTM,HTML,JAVA,JPEG,JPG,JS,M,MOV,MP3,MP4,MXML,PDF,PERL,PHP,PL,PM,PNG,PPT,PPTX,PPTX,PY,RAR,RB,SH,SQL,TXT,VB,WMA,WMV,XHTML,XLS,XLSX,XML,XSL,ZIP', 10000000, 10000000, 1, '2023-06-22 19:24:11', 'tghkm', 'uploads', '4,2,3,5,1,3,4,5'),
(79, '2023-06-22 19:24:11', 'warid@trilogi.ac.id', 'e10adc3949ba59abbe56e057f20f883e', 'warid@trilogi.ac.id', 'AVI,BMP,BSH,C,CC,CPP,CS,CSH,CSS,CV,CYC,DOC,DOCX,DOCX,GIF,HTM,HTML,JAVA,JPEG,JPG,JS,M,MOV,MP3,MP4,MXML,PDF,PERL,PHP,PL,PM,PNG,PPT,PPTX,PPTX,PY,RAR,RB,SH,SQL,TXT,VB,WMA,WMV,XHTML,XLS,XLSX,XML,XSL,ZIP', 10000000, 10000000, 1, '2023-06-22 19:24:11', 'tghkm', 'uploads', '4,2,3,5,1,3,4,5'),
(80, '2023-06-22 19:24:11', 'winda.amelia@trilogi.ac.id', 'e10adc3949ba59abbe56e057f20f883e', 'winda.amelia@trilogi.ac.id', 'AVI,BMP,BSH,C,CC,CPP,CS,CSH,CSS,CV,CYC,DOC,DOCX,DOCX,GIF,HTM,HTML,JAVA,JPEG,JPG,JS,M,MOV,MP3,MP4,MXML,PDF,PERL,PHP,PL,PM,PNG,PPT,PPTX,PPTX,PY,RAR,RB,SH,SQL,TXT,VB,WMA,WMV,XHTML,XLS,XLSX,XML,XSL,ZIP', 10000000, 10000000, 1, '2023-06-22 19:24:11', 'tghkm', 'uploads', '4,2,3,5,1,3,4,5'),
(81, '2023-06-22 19:24:11', 'yaddarabullah@trilogi.ac.id', 'e10adc3949ba59abbe56e057f20f883e', 'yaddarabullah@trilogi.ac.id', 'AVI,BMP,BSH,C,CC,CPP,CS,CSH,CSS,CV,CYC,DOC,DOCX,DOCX,GIF,HTM,HTML,JAVA,JPEG,JPG,JS,M,MOV,MP3,MP4,MXML,PDF,PERL,PHP,PL,PM,PNG,PPT,PPTX,PPTX,PY,RAR,RB,SH,SQL,TXT,VB,WMA,WMV,XHTML,XLS,XLSX,XML,XSL,ZIP', 10000000, 10000000, 1, '2023-07-04 15:48:26', 'tghkm', 'uploads', '4,2,3,5,1,3,4,5'),
(82, '2023-06-22 19:24:11', 'yocki_pram@trilogi.ac.id', 'e10adc3949ba59abbe56e057f20f883e', 'yocki_pram@trilogi.ac.id', 'AVI,BMP,BSH,C,CC,CPP,CS,CSH,CSS,CV,CYC,DOC,DOCX,DOCX,GIF,HTM,HTML,JAVA,JPEG,JPG,JS,M,MOV,MP3,MP4,MXML,PDF,PERL,PHP,PL,PM,PNG,PPT,PPTX,PPTX,PY,RAR,RB,SH,SQL,TXT,VB,WMA,WMV,XHTML,XLS,XLSX,XML,XSL,ZIP', 10000000, 10000000, 1, '2023-06-22 19:24:11', 'tghkm', 'uploads', '4,2,3,5,1,3,4,5'),
(83, '2023-06-22 19:24:11', 'yodfi@trilogi.ac.id', 'e10adc3949ba59abbe56e057f20f883e', 'yodfi@trilogi.ac.id', 'AVI,BMP,BSH,C,CC,CPP,CS,CSH,CSS,CV,CYC,DOC,DOCX,DOCX,GIF,HTM,HTML,JAVA,JPEG,JPG,JS,M,MOV,MP3,MP4,MXML,PDF,PERL,PHP,PL,PM,PNG,PPT,PPTX,PPTX,PY,RAR,RB,SH,SQL,TXT,VB,WMA,WMV,XHTML,XLS,XLSX,XML,XSL,ZIP', 10000000, 10000000, 1, '2023-07-04 10:50:53', 'tghkm', 'uploads', '4,2,3,5,1,3,4,5'),
(84, '2023-06-22 19:24:11', 'yoniatma@trilogi.ac.id', 'e10adc3949ba59abbe56e057f20f883e', 'yoniatma@trilogi.ac.id', 'AVI,BMP,BSH,C,CC,CPP,CS,CSH,CSS,CV,CYC,DOC,DOCX,DOCX,GIF,HTM,HTML,JAVA,JPEG,JPG,JS,M,MOV,MP3,MP4,MXML,PDF,PERL,PHP,PL,PM,PNG,PPT,PPTX,PPTX,PY,RAR,RB,SH,SQL,TXT,VB,WMA,WMV,XHTML,XLS,XLSX,XML,XSL,ZIP', 10000000, 10000000, 1, '2023-06-22 19:24:11', 'tghkm', 'uploads', '4,2,3,5,1,3,4,5'),
(85, '2023-06-22 19:24:11', 'zainulkisman@trilogi.ac.id', 'e10adc3949ba59abbe56e057f20f883e', 'zainulkisman@trilogi.ac.id', 'AVI,BMP,BSH,C,CC,CPP,CS,CSH,CSS,CV,CYC,DOC,DOCX,DOCX,GIF,HTM,HTML,JAVA,JPEG,JPG,JS,M,MOV,MP3,MP4,MXML,PDF,PERL,PHP,PL,PM,PNG,PPT,PPTX,PPTX,PY,RAR,RB,SH,SQL,TXT,VB,WMA,WMV,XHTML,XLS,XLSX,XML,XSL,ZIP', 10000000, 10000000, 1, '2023-06-22 19:24:11', 'tghkm', 'uploads', '4,2,3,5,1,3,4,5'),
(86, '2023-06-22 19:24:11', 'zabd@trilogi.ac.id', 'e10adc3949ba59abbe56e057f20f883e', 'zabd@trilogi.ac.id', 'AVI,BMP,BSH,C,CC,CPP,CS,CSH,CSS,CV,CYC,DOC,DOCX,DOCX,GIF,HTM,HTML,JAVA,JPEG,JPG,JS,M,MOV,MP3,MP4,MXML,PDF,PERL,PHP,PL,PM,PNG,PPT,PPTX,PPTX,PY,RAR,RB,SH,SQL,TXT,VB,WMA,WMV,XHTML,XLS,XLSX,XML,XSL,ZIP', 10000000, 10000000, 1, '2023-06-22 19:24:11', 'tghkm', 'uploads', '4,2,3,5,1,3,4,5');

--
-- Indexes for dumped tables
--

--
-- Indexes for table `afm_driveactivitylogs`
--
ALTER TABLE `afm_driveactivitylogs`
  ADD PRIMARY KEY (`id`);

--
-- Indexes for table `afm_drivecategories`
--
ALTER TABLE `afm_drivecategories`
  ADD PRIMARY KEY (`id`);

--
-- Indexes for table `afm_drivedownloads`
--
ALTER TABLE `afm_drivedownloads`
  ADD PRIMARY KEY (`id`);

--
-- Indexes for table `afm_driveextensions`
--
ALTER TABLE `afm_driveextensions`
  ADD PRIMARY KEY (`id`);

--
-- Indexes for table `afm_drivefiles`
--
ALTER TABLE `afm_drivefiles`
  ADD PRIMARY KEY (`id`);

--
-- Indexes for table `afm_drivefolders`
--
ALTER TABLE `afm_drivefolders`
  ADD PRIMARY KEY (`id`);

--
-- Indexes for table `afm_drivemessages`
--
ALTER TABLE `afm_drivemessages`
  ADD PRIMARY KEY (`id`);

--
-- Indexes for table `afm_drivesettings`
--
ALTER TABLE `afm_drivesettings`
  ADD PRIMARY KEY (`id`);

--
-- Indexes for table `afm_driveusers`
--
ALTER TABLE `afm_driveusers`
  ADD PRIMARY KEY (`id`);

--
-- AUTO_INCREMENT for dumped tables
--

--
-- AUTO_INCREMENT for table `afm_driveactivitylogs`
--
ALTER TABLE `afm_driveactivitylogs`
  MODIFY `id` int(11) NOT NULL AUTO_INCREMENT, AUTO_INCREMENT=125;

--
-- AUTO_INCREMENT for table `afm_drivecategories`
--
ALTER TABLE `afm_drivecategories`
  MODIFY `id` int(11) NOT NULL AUTO_INCREMENT;

--
-- AUTO_INCREMENT for table `afm_drivedownloads`
--
ALTER TABLE `afm_drivedownloads`
  MODIFY `id` int(11) NOT NULL AUTO_INCREMENT, AUTO_INCREMENT=9;

--
-- AUTO_INCREMENT for table `afm_driveextensions`
--
ALTER TABLE `afm_driveextensions`
  MODIFY `id` int(11) NOT NULL AUTO_INCREMENT, AUTO_INCREMENT=49;

--
-- AUTO_INCREMENT for table `afm_drivefiles`
--
ALTER TABLE `afm_drivefiles`
  MODIFY `id` int(11) NOT NULL AUTO_INCREMENT, AUTO_INCREMENT=34;

--
-- AUTO_INCREMENT for table `afm_drivefolders`
--
ALTER TABLE `afm_drivefolders`
  MODIFY `id` int(11) NOT NULL AUTO_INCREMENT, AUTO_INCREMENT=13;

--
-- AUTO_INCREMENT for table `afm_drivemessages`
--
ALTER TABLE `afm_drivemessages`
  MODIFY `id` int(11) NOT NULL AUTO_INCREMENT, AUTO_INCREMENT=3;

--
-- AUTO_INCREMENT for table `afm_drivesettings`
--
ALTER TABLE `afm_drivesettings`
  MODIFY `id` int(11) NOT NULL AUTO_INCREMENT, AUTO_INCREMENT=2;

--
-- AUTO_INCREMENT for table `afm_driveusers`
--
ALTER TABLE `afm_driveusers`
  MODIFY `id` int(11) NOT NULL AUTO_INCREMENT, AUTO_INCREMENT=87;
COMMIT;

